{"id":7116,"date":"2021-03-01T13:12:51","date_gmt":"2021-03-01T16:12:51","guid":{"rendered":"http:\/\/www.dzo.ufv.br\/?page_id=7116"},"modified":"2023-04-14T09:15:38","modified_gmt":"2023-04-14T12:15:38","slug":"laboratorio-de-composicao-corporal-e-densitometria","status":"publish","type":"page","link":"http:\/\/www.dzo.ufv.br\/index.php\/laboratorio-de-composicao-corporal-e-densitometria\/","title":{"rendered":"Laborat\u00f3rio de Composi\u00e7\u00e3o Corporal e Densitometria"},"content":{"rendered":"<\/div><\/div><\/div><!-- close content main div --><\/div><\/div><div id='full_slider_1' class='avia-fullwidth-slider main_color avia-shadow  container_wrap sidebar_right'   ><div  data-size='featured'  data-lightbox_size='large'  data-animation='slide'  data-ids='8305'  data-video_counter='0'  data-autoplay='false'  data-bg_slider='false'  data-slide_height=''  data-handle='av_slideshow_full'  data-interval='5'  data-class=' '  data-css_id=''  data-scroll_down=''  data-control_layout='av-control-default'  data-custom_markup=''  data-perma_caption=''  data-autoplay_stopper=''  data-image_attachment=''  data-min_height='0px'  data-src=''  data-position='top left'  data-repeat='no-repeat'  data-attach='scroll'  data-stretch=''  data-default-height='28.666666666667'  class='avia-slideshow avia-slideshow-1  av-control-default av-default-height-applied avia-slideshow-featured av_slideshow_full   avia-slide-slider '  itemscope=\"itemscope\" itemtype=\"https:\/\/schema.org\/ImageObject\" ><ul class='avia-slideshow-inner' style='padding-bottom: 28.666666666667%;'><li  class=' av-single-slide slide-1 ' ><div data-rel='slideshow-1' class='avia-slide-wrap'  ><img src='http:\/\/www.dzo.ufv.br\/wp-content\/uploads\/2021\/03\/PHOTO-2023-04-13-15-58-19-1-1500x430.jpg' width='1500' height='430' title='PHOTO-2023-04-13-15-58-19 (1)' alt=''  itemprop=\"thumbnailUrl\"   \/><\/div><\/li><\/ul><\/div><\/div>\n<div class=\"flex_column av_one_half  flex_column_div av-zero-column-padding first  \" style='border-radius:0px; '><section class=\"av_textblock_section\"  itemscope=\"itemscope\" itemtype=\"https:\/\/schema.org\/CreativeWork\" ><div class='avia_textblock '  style='font-size:17px; '  itemprop=\"text\" ><p><strong>Laborat\u00f3rio de Composi\u00e7\u00e3o Corporal e Densitometria<\/strong><\/p>\n<p><strong>Professor Respons\u00e1vel:<\/strong><br \/>\nProf. Melissa Izabel Hannas<\/p>\n<p><strong>Equipe t\u00e9cnica:<\/strong><br \/>\nPesquisadora e P\u00f3s Graduandos<\/p>\n<p><strong>Interesses de pesquisa:<\/strong><br \/>\nPesquisas multidisciplinares utilizando desenvolvimento animal, fisiologia, nutri\u00e7\u00e3o, bem estar, produ\u00e7\u00e3o animal e seus efeitos na composi\u00e7\u00e3o corporal e densitometria \u00f3ssea. Presta\u00e7\u00e3o de servi\u00e7os t\u00e9cnicos, treinamento, consultoria e servi\u00e7os de an\u00e1lise.<\/p>\n<p><strong>Contatos:<\/strong><br \/>\nTelefone: (31)3612-4628<br \/>\nEmail: melissa.hannas@ufv.br<\/p>\n<\/div><\/section><\/div><div class=\"flex_column av_one_half  flex_column_div av-zero-column-padding   \" style='border-radius:0px; '><div class='avia-gallery avia-gallery-1 avia_lazyload avia_animate_when_visible '  itemscope=\"itemscope\" itemtype=\"https:\/\/schema.org\/ImageObject\" ><a class='avia-gallery-big fakeLightbox lightbox avia-gallery-big-crop-thumb ' href='http:\/\/www.dzo.ufv.br\/wp-content\/uploads\/2021\/03\/PHOTO-2023-04-13-15-58-19-773x1030.jpg'  data-onclick='1' title='' ><span class='avia-gallery-big-inner'  itemprop=\"thumbnailUrl\" >\t<img width='495' height='400' src='http:\/\/www.dzo.ufv.br\/wp-content\/uploads\/2021\/03\/PHOTO-2023-04-13-15-58-19-495x400.jpg' title='PHOTO-2023-04-13-15-58-19' alt='' \/><\/span><\/a><div class='avia-gallery-thumb'> <a href='http:\/\/www.dzo.ufv.br\/wp-content\/uploads\/2021\/03\/PHOTO-2023-04-13-15-58-19-773x1030.jpg' data-rel='gallery-1' data-prev-img='http:\/\/www.dzo.ufv.br\/wp-content\/uploads\/2021\/03\/PHOTO-2023-04-13-15-58-19-495x400.jpg' class='first_thumb lightbox ' data-onclick='1' title=''  itemprop=\"thumbnailUrl\" ><img  src='http:\/\/www.dzo.ufv.br\/wp-content\/uploads\/2021\/03\/PHOTO-2023-04-13-15-58-19-495x400.jpg' width='495' height='400'  title='PHOTO-2023-04-13-15-58-19' alt='' \/><\/a> <a href='http:\/\/www.dzo.ufv.br\/wp-content\/uploads\/2021\/03\/PHOTO-2023-04-13-15-58-19-1-1030x773.jpg' data-rel='gallery-1' data-prev-img='http:\/\/www.dzo.ufv.br\/wp-content\/uploads\/2021\/03\/PHOTO-2023-04-13-15-58-19-1-495x400.jpg' class='lightbox ' data-onclick='2' title=''  itemprop=\"thumbnailUrl\" ><img  src='http:\/\/www.dzo.ufv.br\/wp-content\/uploads\/2021\/03\/PHOTO-2023-04-13-15-58-19-1-495x400.jpg' width='495' height='400'  title='PHOTO-2023-04-13-15-58-19 (1)' alt='' \/><\/a><\/div><\/div><\/div><\/p>\n","protected":false},"excerpt":{"rendered":"","protected":false},"author":1,"featured_media":0,"parent":0,"menu_order":0,"comment_status":"closed","ping_status":"closed","template":"","meta":[],"_links":{"self":[{"href":"http:\/\/www.dzo.ufv.br\/index.php\/wp-json\/wp\/v2\/pages\/7116"}],"collection":[{"href":"http:\/\/www.dzo.ufv.br\/index.php\/wp-json\/wp\/v2\/pages"}],"about":[{"href":"http:\/\/www.dzo.ufv.br\/index.php\/wp-json\/wp\/v2\/types\/page"}],"author":[{"embeddable":true,"href":"http:\/\/www.dzo.ufv.br\/index.php\/wp-json\/wp\/v2\/users\/1"}],"replies":[{"embeddable":true,"href":"http:\/\/www.dzo.ufv.br\/index.php\/wp-json\/wp\/v2\/comments?post=7116"}],"version-history":[{"count":10,"href":"http:\/\/www.dzo.ufv.br\/index.php\/wp-json\/wp\/v2\/pages\/7116\/revisions"}],"predecessor-version":[{"id":8304,"href":"http:\/\/www.dzo.ufv.br\/index.php\/wp-json\/wp\/v2\/pages\/7116\/revisions\/8304"}],"wp:attachment":[{"href":"http:\/\/www.dzo.ufv.br\/index.php\/wp-json\/wp\/v2\/media?parent=7116"}],"curies":[{"name":"wp","href":"https:\/\/api.w.org\/{rel}","templated":true}]}}