{"id":682,"date":"2017-05-01T17:53:41","date_gmt":"2017-05-01T20:53:41","guid":{"rendered":"http:\/\/www.dzo.ufv.br\/sitenovo\/?page_id=682"},"modified":"2019-06-24T17:34:59","modified_gmt":"2019-06-24T20:34:59","slug":"fernanda-helena-martins-chizzotti","status":"publish","type":"page","link":"http:\/\/www.dzo.ufv.br\/index.php\/fernanda-helena-martins-chizzotti\/","title":{"rendered":"Fernanda Helena Martins Chizzotti"},"content":{"rendered":"<div class=\"flex_column av_one_fifth  flex_column_div av-zero-column-padding first  \" style='border-radius:0px; '><div class='avia-image-container  av-styling-   avia-align-center '  itemscope=\"itemscope\" itemtype=\"https:\/\/schema.org\/ImageObject\"  ><div class='avia-image-container-inner'><img class='avia_image ' src='http:\/\/www.dzo.ufv.br\/wp-content\/uploads\/2017\/03\/Fernanda.jpg' alt='' title='Fernanda'   itemprop=\"thumbnailUrl\"  \/><\/div><\/div><\/div>\n<div class=\"flex_column av_three_fourth  flex_column_div av-zero-column-padding   \" style='border-radius:0px; '><p><div style='padding-bottom:10px;' class='av-special-heading av-special-heading-h3    '><h3 class='av-special-heading-tag'  itemprop=\"headline\"  >Fernanda Helena Martins Chizzotti<\/h3><div class='special-heading-border'><div class='special-heading-inner-border' ><\/div><\/div><\/div><br \/>\n<section class=\"av_textblock_section\"  itemscope=\"itemscope\" itemtype=\"https:\/\/schema.org\/CreativeWork\" ><div class='avia_textblock '  style='font-size:17px; '  itemprop=\"text\" ><div dir=\"ltr\">\n<div class=\"gmail_default\">\n<p>Prof.\u00a0Adjunto<\/p>\n<p><strong>Fernanda Helena Martins Chizzotti<\/strong><\/p>\n<\/div>\n<\/div>\n<div dir=\"ltr\">\n<div class=\"gmail_default\">\n<p><strong>Forma\u00e7\u00e3o Acad\u00eamica:<\/strong><br \/>\nDrs. em \u00a0Zootecnia, UFV (2007)<br \/>\nMSc. em Zootecnia, UFV (2004)<br \/>\nZootecnia, UFV (2002)<\/p>\n<\/div>\n<\/div>\n<div dir=\"ltr\">\n<div class=\"gmail_default\">\n<p><strong>\u00c1reas de atua\u00e7\u00e3o:<br \/>\n<\/strong>Zootecnia \/\u00a0Forragicultura e Pastagens<\/p>\n<div dir=\"ltr\">\n<div class=\"gmail_default\">\n<p><strong>Publica\u00e7\u00f5es<\/strong>:\u00a0\u00a0<a href=\"http:\/\/buscatextual.cnpq.br\/buscatextual\/visualizacv.do?id=K4765508J8\" target=\"_blank\" data-saferedirecturl=\"https:\/\/www.google.com\/url?hl=pt-BR&amp;q=http:\/\/lattes.cnpq.br\/7638674217020456&amp;source=gmail&amp;ust=1493757914571000&amp;usg=AFQjCNHeD7P-f2FZrFA3GVG1y3ksDG9xqg\">Lattes<\/a><\/p>\n<\/div>\n<\/div>\n<div dir=\"ltr\">\n<div class=\"gmail_default\">\n<p><strong>Laborat\u00f3rio:<\/strong><br \/>\n&gt;&gt;UEPE- Forragicultura<\/p>\n<p><strong>Disciplinas da gradua\u00e7\u00e3o:<\/strong><br \/>\nZOO 453 \u2013\u00a0Forragens e Plantas Forrageiras<\/p>\n<p><strong>Disciplinas da P\u00f3s-gradua\u00e7\u00e3o:<\/strong><br \/>\nZOO 753 \u2013\u00a0Ecofisiologia de Plantas Forrageiras e Manejo do Pastejo<br \/>\nZOO 750 \u2013 T\u00f3picos Especiais em Forragicultura<\/p>\n<p><strong>Contatos:<\/strong><br \/>\nTel: +55 31 3612-4638<br \/>\nEmail:\u00a0fernanda.chizzotti@ufv.br<\/p>\n<p><strong>Publica\u00e7\u00f5es Recentes:<\/strong><\/p>\n<div dir=\"ltr\"><strong>1.<\/strong><\/div>\n<div dir=\"ltr\">Lima MA, Paciullo DSC, Morenz MJF, Gomide CAM, Rodrigues RAR, Chizzotti FHM.<\/div>\n<div dir=\"ltr\">Productivity and nutritive value of Brachiaria decumbens and performance of dairy heifers in a long-term silvopastoral system.<\/div>\n<div dir=\"ltr\">Grass and Forage Science. 2018;00:1\u201311.\u00a0<a href=\"https:\/\/doi.org\/10.1111\/gfs.12395\" target=\"_blank\" data-saferedirecturl=\"https:\/\/www.google.com\/url?q=https:\/\/doi.org\/10.1111\/gfs.12395&amp;source=gmail&amp;ust=1542208864494000&amp;usg=AFQjCNG187CXVMFawZ46lrHbXRL3ZC0qgg\">https:\/\/doi.org\/10.1111\/gfs.12395<\/a><\/div>\n<\/div>\n<\/div>\n<div><strong>2.<\/strong><\/div>\n<div dir=\"ltr\">\n<div class=\"gmail_default\">\n<div dir=\"ltr\">\n<div>Lelis, D.L., Renn\u00f3, L.N., Chizzotti, M.L., Pereira, C.E.R., Silva, J.C.P., Moreira, L.G.T., Carvalho, F.B.P., Chizzotti, F.H.M.<\/div>\n<div>Photosensitization in na\u00efve sheep grazing signal grass (Brachiaria decumbens) under full sunlight or a silvopastoral system<\/div>\n<div>Small Ruminant Research, Volume 169, 2018<span style=\"color: #737373; font-family: Arial, Helvetica, 'Lucida Sans Unicode', 'Microsoft Sans Serif', 'Segoe UI Symbol', STIXGeneral, 'Cambria Math', 'Arial Unicode MS', sans-serif;\">.\u00a0<\/span><a class=\"m_2775946402931689075gmail-doi\" title=\"Persistent link using digital object identifier\" href=\"https:\/\/doi.org\/10.1016\/j.smallrumres.2018.08.018\" target=\"_blank\" data-saferedirecturl=\"https:\/\/www.google.com\/url?q=https:\/\/doi.org\/10.1016\/j.smallrumres.2018.08.018&amp;source=gmail&amp;ust=1542208864494000&amp;usg=AFQjCNEGFtfcSt01RYnXFm2nyX9Jluej_Q\">https:\/\/doi.org\/10.1016\/j.smallrumres.2018.08.018<\/a><\/div>\n<div><strong>3.<\/strong><\/div>\n<div>Brandao, V.L.N., Rocha, G.O., Chizzotti, F.H.M., Silva, A.L., Marcondes, M.I.<\/div>\n<div>Using climatic variables to estimate dry matter production in the grazing stratum of Piat\u00e3 palisadegrass<\/div>\n<div>Grassland Science, Volume 64, Issue 3, 2018.<\/div>\n<\/div>\n<div class=\"artigo-completo\">\n<div class=\"layout-cell layout-cell-1 text-align-right\">\n<div class=\"layout-cell-pad-5 text-align-right\"><b>4. <\/b><\/div>\n<\/div>\n<div class=\"layout-cell layout-cell-11\">\n<div class=\"layout-cell-pad-5\"><b>CHIZZOTTI, F.H.M.<\/b>; PEREIRA, O.G. ; FILHO, S.C.VALADARES ; CHIZZOTTI, M.L. ; RODRIGUES, R.T.S. ; TEDESCHI, L.O. ; SILVA, T.C. . Does sugar cane ensiled with calcium oxide affect intake, digestibility, performance, and microbial efficiency in beef cattle?. Animal Feed Science and Technology (Print), v. 1, p. 1, 2015.<\/div>\n<\/div>\n<\/div>\n<div class=\"artigo-completo\">\n<div class=\"layout-cell layout-cell-1 text-align-right\">\n<div class=\"layout-cell-pad-5 text-align-right\"><b>5. <\/b><\/div>\n<\/div>\n<div class=\"layout-cell layout-cell-11\">\n<div class=\"layout-cell-pad-5\">Pinto, J. C. ; PIMENTEL, R. M. ; ZINN, Y. L. ; <b>CHIZZOTTI, F. H. M.<\/b> . Soil organic carbon stocks in a Brazilian Oxisol under different pasture systems. Tropical Grasslands, v. 2, p. 121-123, 2014.<\/div>\n<\/div>\n<\/div>\n<div class=\"artigo-completo\">\n<div class=\"layout-cell layout-cell-1 text-align-right\">\n<div class=\"layout-cell-pad-5 text-align-right\"><b>6. <\/b><\/div>\n<\/div>\n<div class=\"layout-cell layout-cell-11\">\n<div class=\"layout-cell-pad-5\">BASSI, M. S. ; LADEIRA, M. M. ; CHIZZOTTI, Mario Luiz ; <b>CHIZZOTTI, F. H. M.<\/b> ; OLIVEIRA, D. M. ; MACHADO NETO, O. R. ; CARVALHO, J. R. R. ; NOGUEIRA NETO, A. A. . Gr\u00e3os de oleaginosas na alimenta\u00e7\u00e3o de novilhos zebu\u00ednos: consumo, digestibilidade e desempenho. Revista Brasileira de Zootecnia \/ Brazilian Journal of Animal Science, v. 41, p. 353-359, 2012.<\/div>\n<\/div>\n<\/div>\n<div class=\"artigo-completo\">\n<div class=\"layout-cell layout-cell-1 text-align-right\">\n<div class=\"layout-cell-pad-5 text-align-right\"><b>7.<\/b><\/div>\n<div class=\"layout-cell-pad-5 text-align-right\"><b>CHIZZOTTI, F. H. M.<\/b>; PEREIRA, Odilon Gomes ; VALADARES FILHO, Sebasti\u00e3o de Campos ; LE\u00c3O, Maria Ign\u00eas ; RIBEIRO, K. G. . Digestibility and microbial efficiency in steers fed diets based on corn silage hybrids and concentrate levels. Arquivo Brasileiro de Medicina Veterin\u00e1ria e Zootecnia, v. 64, p. 649-657, 2012.<\/div>\n<\/div>\n<div class=\"layout-cell layout-cell-11\">\n<div class=\"layout-cell-pad-5\">\n<div class=\"citado\"><b>8.<\/b><\/div>\n<\/div>\n<\/div>\n<\/div>\n<div class=\"artigo-completo\">\n<div class=\"layout-cell layout-cell-11\">\n<div class=\"layout-cell-pad-5\">BERNARDES, T. F. ; <b>CHIZZOTTI, F. H. M.<\/b> . Technological innovations in silage production and utilization. Revista Brasileira de Sa\u00fade e Produ\u00e7\u00e3o Animal, v. 13, p. 629-641, 2012.<\/div>\n<\/div>\n<\/div>\n<div class=\"artigo-completo\">\n<div class=\"layout-cell layout-cell-1 text-align-right\">\n<div class=\"layout-cell-pad-5 text-align-right\"><b>9. <\/b><\/div>\n<\/div>\n<div class=\"layout-cell layout-cell-11\">\n<div class=\"layout-cell-pad-5\">OLIVEIRA, M. A. ; PEREIRA, Odilon Gomes ; RIBEIRO, K. G. ; SANTOS, M. E. R. ; <b>CHIZZOTTI, F. H. M.<\/b> ; CECON, P. R. . Produ\u00e7\u00e3o e valor nutritivo do capim-coastcross sob doses de nitrog\u00eanio e idades de rebrota\u00e7\u00e3o. Arquivo Brasileiro de Medicina Veterin\u00e1ria e Zootecnia, v. 63, p. 694-703, 2011.<\/div>\n<\/div>\n<\/div>\n<div class=\"artigo-completo\">\n<div class=\"layout-cell layout-cell-1 text-align-right\">\n<div class=\"layout-cell-pad-5 text-align-right\"><b>10. <\/b><\/div>\n<\/div>\n<div class=\"layout-cell layout-cell-11\">\n<div class=\"layout-cell-pad-5\"><b>CHIZZOTTI, F. H. M.<\/b>; PEREIRA, Odilon Gomes ; VALADARES FILHO, Sebasti\u00e3o de Campos ; TEDESCHI, L. O. ; RIBEIRO, K. G. ; PEREIRA, D. H. . Intake, digestibility, and performance of steers fed diets based on two corn silage hybrids and two concentrate levels. Arquivo Brasileiro de Medicina Veterin\u00e1ria e Zootecnia, v. 62, p. 868-874, 2010.<\/div>\n<\/div>\n<\/div>\n<div class=\"artigo-completo\"><\/div>\n<div class=\"artigo-completo\"><\/div>\n<\/div>\n<\/div>\n<\/div>\n<\/div>\n<\/div><\/section><\/p><\/div>\n","protected":false},"excerpt":{"rendered":"","protected":false},"author":1,"featured_media":0,"parent":0,"menu_order":0,"comment_status":"closed","ping_status":"closed","template":"","meta":[],"_links":{"self":[{"href":"http:\/\/www.dzo.ufv.br\/index.php\/wp-json\/wp\/v2\/pages\/682"}],"collection":[{"href":"http:\/\/www.dzo.ufv.br\/index.php\/wp-json\/wp\/v2\/pages"}],"about":[{"href":"http:\/\/www.dzo.ufv.br\/index.php\/wp-json\/wp\/v2\/types\/page"}],"author":[{"embeddable":true,"href":"http:\/\/www.dzo.ufv.br\/index.php\/wp-json\/wp\/v2\/users\/1"}],"replies":[{"embeddable":true,"href":"http:\/\/www.dzo.ufv.br\/index.php\/wp-json\/wp\/v2\/comments?post=682"}],"version-history":[{"count":15,"href":"http:\/\/www.dzo.ufv.br\/index.php\/wp-json\/wp\/v2\/pages\/682\/revisions"}],"predecessor-version":[{"id":8470,"href":"http:\/\/www.dzo.ufv.br\/index.php\/wp-json\/wp\/v2\/pages\/682\/revisions\/8470"}],"wp:attachment":[{"href":"http:\/\/www.dzo.ufv.br\/index.php\/wp-json\/wp\/v2\/media?parent=682"}],"curies":[{"name":"wp","href":"https:\/\/api.w.org\/{rel}","templated":true}]}}