{"id":450,"date":"2017-04-12T15:07:28","date_gmt":"2017-04-12T18:07:28","guid":{"rendered":"http:\/\/www.dzo.ufv.br\/sitenovo\/?page_id=450"},"modified":"2019-06-24T17:34:25","modified_gmt":"2019-06-24T20:34:25","slug":"edenio-detmann","status":"publish","type":"page","link":"http:\/\/www.dzo.ufv.br\/index.php\/edenio-detmann\/","title":{"rendered":"Edenio Detmann"},"content":{"rendered":"<div class=\"flex_column av_one_fifth  flex_column_div av-zero-column-padding first  \" style='border-radius:0px; '><div class='avia-image-container  av-styling-   avia-align-center '  itemscope=\"itemscope\" itemtype=\"https:\/\/schema.org\/ImageObject\"  ><div class='avia-image-container-inner'><img class='avia_image ' src='http:\/\/www.dzo.ufv.br\/wp-content\/uploads\/2017\/03\/Edenio.jpg' alt='' title='Edenio'   itemprop=\"thumbnailUrl\"  \/><\/div><\/div><\/div>\n<div class=\"flex_column av_three_fourth  flex_column_div av-zero-column-padding   \" style='border-radius:0px; '><p><div style='padding-bottom:10px;' class='av-special-heading av-special-heading-h3    '><h3 class='av-special-heading-tag'  itemprop=\"headline\"  >Edenio Detmann<\/h3><div class='special-heading-border'><div class='special-heading-inner-border' ><\/div><\/div><\/div><br \/>\n<section class=\"av_textblock_section\"  itemscope=\"itemscope\" itemtype=\"https:\/\/schema.org\/CreativeWork\" ><div class='avia_textblock '  style='font-size:17px; '  itemprop=\"text\" ><p>Professor Associado<br \/>\nBolsista 1A.<\/p>\n<p><strong>Forma\u00e7\u00e3o Acad\u00eamica:<\/strong><br \/>\nD.Sc. em\u00a0 Nutri\u00e7\u00e3o de Ruminantes, UFV (2001)<br \/>\nM.Sc. em Nutri\u00e7\u00e3o de Ruminantes, UFV (1999)<br \/>\nZootecnia, UFV (1997)<\/p>\n<p><strong>\u00c1reas de atua\u00e7\u00e3o:<\/strong><br \/>\nNutri\u00e7\u00e3o de Ruminantes\/An\u00e1lise de Alimentos<\/p>\n<p><strong>Publica\u00e7\u00f5es<\/strong>:\u00a0 <a href=\"http:\/\/buscatextual.cnpq.br\/buscatextual\/visualizacv.do?id=K4760013T1\">Lattes<\/a>\u00a0\/\u00a0<a href=\"https:\/\/www.researchgate.net\/profile\/Edenio_Detmann\">ResearchGate<\/a><\/p>\n<p><strong>Laborat\u00f3rio:<\/strong><br \/>\n<a href=\"http:\/\/www.dzo.ufv.br\/index.php\/laboratorio-de-nutricao-animal\/\">&gt;&gt; Laborat\u00f3rio de\u00a0Nutri\u00e7\u00e3o Animal<\/a><\/p>\n<p><strong>Disciplinas da gradua\u00e7\u00e3o:<\/strong><br \/>\nZOO 448 &#8211; Fundamentos de An\u00e1lise de Alimentos para Animais<\/p>\n<p><strong>Disciplinas da P\u00f3s-gradua\u00e7\u00e3o:<\/strong><br \/>\nZOO 644 &#8211; An\u00e1lise de Alimentos<br \/>\nZOO 682 &#8211; M\u00e9todos Quantitativos Aplicados \u00e0 Experimenta\u00e7\u00e3o com Animais<br \/>\nZOO 796 &#8211; Modelos Mistos Aplicados a Experimentos em Produ\u00e7\u00e3o Animal<\/p>\n<p><strong>Contatos:<\/strong><br \/>\nTel: +55 31 3612-4663\/\u00a03612-4657<br \/>\nEmail:\u00a0detmann@ufv.br \/ e.detmann@hotmail.com<\/p>\n<p><strong>Publica\u00e7\u00f5es Recentes:<\/strong><\/p>\n<div class=\"artigo-completo\">\n<div class=\"layout-cell layout-cell-1 text-align-right\">\n<div class=\"layout-cell-pad-5 text-align-right\"><b>1. <\/b><\/div>\n<\/div>\n<div class=\"layout-cell layout-cell-11\">\n<div class=\"layout-cell-pad-5\">\n<p>GOMES DA SILVA, ALINE ; PAULINO, M\u00e1rio Fonseca ; DA SILVA AMORIM, LINCOLN ; <b>Detmann, Edenio<\/b> ; RENN\u00d3, Luciana Navajas ; DE SOUZA DUARTE, M\u00c1RCIO ; HENRIQUE DE MOURA, FELIPE ; PR\u00cdMOLA DE MELO, LUCIANO ; HENRIQUE SILVA E PAIVA, PAULO ; Manso, Marcos Rocha ; VAL\u00c9RIO DE CARVALHO, VICTOR . Weight, body condition, milk production, and metabolism of Nellore cows when their calves are submitted to different supplementation levels. Tropical Animal Health and Production, v. 49, p. 383-387, 2017.<\/p>\n<div class=\"citado\"><\/div>\n<\/div>\n<\/div>\n<\/div>\n<div class=\"artigo-completo\">\n<div class=\"layout-cell layout-cell-1 text-align-right\">\n<div class=\"layout-cell-pad-5 text-align-right\"><b>2. <\/b><\/div>\n<\/div>\n<div class=\"layout-cell layout-cell-11\">\n<div class=\"layout-cell-pad-5\">\n<p>Barbosa, Marc\u00edlia Medrado ; <b>Detmann, Edenio<\/b> ; VALADARES FILHO, Sebasti\u00e3o de Campos ; DETMANN, Kelly da Silva Coutinho ; FRANCO, MARCIA DE OLIVEIRA ; Batista, Erick darlisson; ROCHA, Gabriel Cipriano . Evaluation of methods for the quantification of ether extract contents in forage and cattle feces. ANAIS DA ACADEMIA BRASILEIRA DE CIENCIAS, v. 89, p. 1295-1303, 2017.<\/p>\n<div class=\"citado\"><\/div>\n<\/div>\n<\/div>\n<\/div>\n<div class=\"artigo-completo\">\n<div class=\"layout-cell layout-cell-1 text-align-right\">\n<div class=\"layout-cell-pad-5 text-align-right\"><b>3. <\/b><\/div>\n<\/div>\n<div class=\"layout-cell layout-cell-11\">\n<div class=\"layout-cell-pad-5\">\n<p>SILVA, A.L. ; Marcondes, M.I. ; <b>Detmann, E.<\/b> ; CAMPOS, M.M. ; MACHADO, F.S. ; FILHO, S. C. VALADARES ; CASTRO, M.M.D. ; DIJKSTRA, J. . Determination of energy and protein requirements for crossbred Holstein \u00d7 Gyr preweaned dairy calves. Journal of Dairy Science, v. 100, p. 1170-1178, 2017.<\/p>\n<div class=\"citado\"><\/div>\n<\/div>\n<\/div>\n<\/div>\n<div class=\"artigo-completo\">\n<div class=\"layout-cell layout-cell-1 text-align-right\">\n<div class=\"layout-cell-pad-5 text-align-right\"><b>4. <\/b><\/div>\n<\/div>\n<div class=\"layout-cell layout-cell-11\">\n<div class=\"layout-cell-pad-5\">\n<p>ZANETTI, D. ; Filho, S.C. Valadares ; PRADOS, L.F. ; <b>Detmann, E.<\/b> ; PACHECO, M.V.C. ; GODOI, L.A. ; RENN\u00d3, L.N. ; ENGLE, T.E. . Impacts of reduction of phosphorus in finishing diets for Holstein \u00d7 Zebu steers. Livestock Science (Print), v. 198, p. 45-51, 2017.<\/p>\n<div class=\"citado\"><\/div>\n<\/div>\n<\/div>\n<\/div>\n<div class=\"artigo-completo\">\n<div class=\"layout-cell layout-cell-1 text-align-right\">\n<div class=\"layout-cell-pad-5 text-align-right\"><b>5. <\/b><\/div>\n<\/div>\n<div class=\"layout-cell layout-cell-11\">\n<div class=\"layout-cell-pad-5\">\n<p>DA SILVA, ALINE GOMES ; PAULINO, M\u00e1rio Fonseca ; DA SILVA AMORIM, LINCOLN ; RENN\u00d3, Luciana Navajas ; <b>Detmann, Edenio<\/b> ; DE MOURA, FELIPE HENRIQUE ; Manso, Marcos Rocha ; SILVA E PAIVA, PAULO HENRIQUE ; ORTEGA, ROM\u00c1N ENRIQUE MAZA ; DE MELO, LUCIANO PR\u00cdMOLA . Performance, endocrine, metabolic, and reproductive responses of Nellore heifers submitted to different supplementation levels pre- and post-weaning. Tropical Animal Health and Production, v. 49, p. 707-715, 2017.<\/p>\n<div class=\"citado\"><\/div>\n<\/div>\n<\/div>\n<\/div>\n<div class=\"artigo-completo\">\n<div class=\"layout-cell layout-cell-1 text-align-right\">\n<div class=\"layout-cell-pad-5 text-align-right\"><b>6. <\/b><\/div>\n<\/div>\n<div class=\"layout-cell layout-cell-11\">\n<div class=\"layout-cell-pad-5\">\n<p>Carvalho, Isabela Pena Carvalho de ; FIORENTINI, GIOVANI ; CASTAGNINO, PABLO DE SOUZA ; JESUS, RAPHAEL BARBETTA DE ; MESSANA, JULIANA DUARTE ; GRANJA-SALCEDO, YURY TATIANA ; <b>Detmann, Edenio<\/b> ; PADMANABHA, JAGADISH ; MCSWEENEY, CHRISTOPHER S. ; Berchielli, Telma Teresinha . Supplementation with lipid sources alters the ruminal fermentation and duodenal flow of fatty acids in grazing Nellore steers. ANIMAL FEED SCIENCE AND TECHNOLOGY, v. 227, p. 142-153, 2017.<\/p>\n<div class=\"citado\"><\/div>\n<\/div>\n<\/div>\n<\/div>\n<div class=\"artigo-completo\">\n<div class=\"layout-cell layout-cell-1 text-align-right\">\n<div class=\"layout-cell-pad-5 text-align-right\"><b>7. <\/b><\/div>\n<\/div>\n<div class=\"layout-cell layout-cell-11\">\n<div class=\"layout-cell-pad-5\">\n<p>MIRANDA, Leandro ; CABRAL, Luciano da Silva ; Guedes, Daniel Marino ; ABREU, J. G. ; RODRIGUES, R. C. ; SOUZA, Alexandre Lima de ; <b>Detmann, Edenio<\/b> ; Paula, Nelcino Francisco de; Behling Neto, Arthur ; LIMA, L. R. . Bio-economic assessment of sheep supplementation in marandu palisadegrass pastures. Semina. Ci\u00eancias Agr\u00e1rias (Impresso)<sup><img decoding=\"async\" id=\"1676546X_7\" class=\"ajaxJCR jcrTip\" style=\"background-image: none; background-attachment: scroll; background-color: transparent; border: 0px none; font-size: 11px; margin: 0px; padding: 0px; outline: none 0px; vertical-align: baseline; text-align: left; background-position: 0px 0px; background-repeat: repeat repeat;\" src=\"http:\/\/buscatextual.cnpq.br\/buscatextual\/images\/curriculo\/jcr.gif\" data-issn=\"1676546X\" \/><\/sup>, v. 38, p. 521-532, 2017.<\/p>\n<div class=\"citado\"><\/div>\n<\/div>\n<\/div>\n<\/div>\n<div class=\"artigo-completo\">\n<div class=\"layout-cell layout-cell-1 text-align-right\">\n<div class=\"layout-cell-pad-5 text-align-right\"><b>8. <\/b><\/div>\n<\/div>\n<div class=\"layout-cell layout-cell-11\">\n<div class=\"layout-cell-pad-5\">\n<p>FRANCO, MARCIA OLIVEIRA ; MARCONDES, Marcos In\u00e1cio ; CAMPOS, Jos\u00e9 Maur\u00edcio de Souza ; Freitas, Denise Ribeiro de ; <b>Detmann, Edenio<\/b> ; VALADARES FILHO, Sebasti\u00e3o de Campos . Evaluation of body weight prediction Equations in growing heifers. Acta Scientiarum. Animal Sciences, v. 39, p. 201-206, 2017.<\/p>\n<div class=\"citado\"><\/div>\n<\/div>\n<\/div>\n<\/div>\n<div class=\"artigo-completo\">\n<div class=\"layout-cell layout-cell-1 text-align-right\">\n<div class=\"layout-cell-pad-5 text-align-right\"><b>9. <\/b><\/div>\n<\/div>\n<div class=\"layout-cell layout-cell-11\">\n<div class=\"layout-cell-pad-5\">\n<p>CARVALHO, V.V. ; Paulino, M.F. ; <b>Detmann, E.<\/b> ; CHIZZOTTI, M.L. ; MARTINS, L.S. ; SILVA, A.G. ; Lopes, S.A. ; MOURA, F.H. . Effects of supplements containing different additives on nutritional and productive performance of beef cattle grazing tropical grass. TROPICAL ANIMAL HEALTH AND PRODUCTION, v. 49, p. 983-988, 2017.<\/p>\n<div class=\"citado\"><\/div>\n<\/div>\n<\/div>\n<\/div>\n<div class=\"artigo-completo\">\n<div class=\"layout-cell layout-cell-1 text-align-right\">\n<div class=\"layout-cell-pad-5 text-align-right\"><b>10. <\/b><\/div>\n<\/div>\n<div class=\"layout-cell layout-cell-11\">\n<div class=\"layout-cell-pad-5\">SOUZA, Marjorrie Augusto de ; <b>Detmann, Edenio<\/b> ; Batista, Erick darlisson ; FRANCO, MARCIA DE OLIVEIRA ; VALADARES FILHO, Sebasti\u00e3o de Campos ; PINA, DOUGLAS SANTOS ; ROCHA, Gabriel Cipriano . Estudo colaborativo para avalia\u00e7\u00e3o dos teores de mat\u00e9ria mineral em alimentos. REVISTA BRASILEIRA DE SA\u00daDE E PRODU\u00c7\u00c3O ANIMAL (UFBA), v. 18, p. 62-75, 2017.<\/div>\n<\/div>\n<\/div>\n<\/div><\/section><\/p><\/div>\n","protected":false},"excerpt":{"rendered":"","protected":false},"author":1,"featured_media":0,"parent":0,"menu_order":0,"comment_status":"closed","ping_status":"closed","template":"","meta":[],"_links":{"self":[{"href":"http:\/\/www.dzo.ufv.br\/index.php\/wp-json\/wp\/v2\/pages\/450"}],"collection":[{"href":"http:\/\/www.dzo.ufv.br\/index.php\/wp-json\/wp\/v2\/pages"}],"about":[{"href":"http:\/\/www.dzo.ufv.br\/index.php\/wp-json\/wp\/v2\/types\/page"}],"author":[{"embeddable":true,"href":"http:\/\/www.dzo.ufv.br\/index.php\/wp-json\/wp\/v2\/users\/1"}],"replies":[{"embeddable":true,"href":"http:\/\/www.dzo.ufv.br\/index.php\/wp-json\/wp\/v2\/comments?post=450"}],"version-history":[{"count":15,"href":"http:\/\/www.dzo.ufv.br\/index.php\/wp-json\/wp\/v2\/pages\/450\/revisions"}],"predecessor-version":[{"id":8467,"href":"http:\/\/www.dzo.ufv.br\/index.php\/wp-json\/wp\/v2\/pages\/450\/revisions\/8467"}],"wp:attachment":[{"href":"http:\/\/www.dzo.ufv.br\/index.php\/wp-json\/wp\/v2\/media?parent=450"}],"curies":[{"name":"wp","href":"https:\/\/api.w.org\/{rel}","templated":true}]}}