{"id":390,"date":"2017-04-12T11:38:47","date_gmt":"2017-04-12T14:38:47","guid":{"rendered":"http:\/\/www.dzo.ufv.br\/sitenovo\/?page_id=390"},"modified":"2019-06-24T17:33:29","modified_gmt":"2019-06-24T20:33:29","slug":"claudia-batista-sampaio","status":"publish","type":"page","link":"http:\/\/www.dzo.ufv.br\/index.php\/claudia-batista-sampaio\/","title":{"rendered":"Cl\u00e1udia Batista Sampaio"},"content":{"rendered":"<div class=\"flex_column av_one_fifth  flex_column_div av-zero-column-padding first  \" style='border-radius:0px; '><div class='avia-image-container  av-styling-   avia-align-center '  itemscope=\"itemscope\" itemtype=\"https:\/\/schema.org\/ImageObject\"  ><div class='avia-image-container-inner'><img class='avia_image ' src='http:\/\/www.dzo.ufv.br\/wp-content\/uploads\/2017\/03\/Cl\u00e1udia-Batista-Sampaio.jpg' alt='' title='Cl\u00e1udia-Batista-Sampaio'   itemprop=\"thumbnailUrl\"  \/><\/div><\/div><\/div>\n<div class=\"flex_column av_three_fourth  flex_column_div av-zero-column-padding   \" style='border-radius:0px; '><p><div style='padding-bottom:10px;' class='av-special-heading av-special-heading-h3    '><h3 class='av-special-heading-tag'  itemprop=\"headline\"  > Cl\u00e1udia Batista Sampaio<\/h3><div class='special-heading-border'><div class='special-heading-inner-border' ><\/div><\/div><\/div><br \/>\n<section class=\"av_textblock_section\"  itemscope=\"itemscope\" itemtype=\"https:\/\/schema.org\/CreativeWork\" ><div class='avia_textblock '  style='font-size:17px; '  itemprop=\"text\" ><p>Prof. Adjunto<\/p>\n<p><strong>Forma\u00e7\u00e3o Acad\u00eamica:<\/strong><br \/>\nDr. em\u00a0 Nutri\u00e7\u00e3o de ruminantes, UFV (2010)<br \/>\nMSc. em Nutri\u00e7\u00e3o de Ruminantes, UFV (2007)<br \/>\nZootecnia, UFV (2005)<br \/>\n<span class=\"im\"><br \/>\n<strong>\u00c1reas de atua\u00e7\u00e3o:<\/strong><br \/>\nZootecnia \/ Nutri\u00e7\u00e3o e Alimenta\u00e7\u00e3o Animal<\/span><\/p>\n<p><strong>Publica\u00e7\u00f5es:<\/strong> <a href=\"http:\/\/buscatextual.cnpq.br\/buscatextual\/visualizacv.do?id=K4133025J9\">Lattes<\/a> \/\u00a0<a href=\"https:\/\/www.researchgate.net\/profile\/Claudia_Sampaio\">ResearchGate<\/a><\/p>\n<p><strong>Laborat\u00f3rio:<\/strong><br \/>\n<a href=\"http:\/\/www.dzo.ufv.br\/index.php\/unidade-de-ensino-pesquisa-e-extensao-bovinos-de-corte\/\">&gt;&gt; Unidade de Pesquisa e Extens\u00e3o em Gado de Corte<\/a><\/p>\n<p><strong>Disciplinas da gradua\u00e7\u00e3o:<\/strong><br \/>\nZOO 427 &#8211; Bovinocultura de Corte<br \/>\nZOO 437 -Produ\u00e7\u00e3o de Bovinos de Corte<br \/>\nZOO 487 &#8211; Manejo e Administra\u00e7\u00e3o em Bovinocultura de Corte<\/p>\n<p><strong>Disciplinas da P\u00f3s-gradua\u00e7\u00e3o:<\/strong><br \/>\nZOO 625 &#8211; T\u00f3picos em Bovinos de Corte<br \/>\nZOO 825 MP &#8211; Produ\u00e7\u00e3o e Manejo de Bovinos de Corte<\/p>\n<p><strong>Contatos:<br \/>\n<\/strong>Tel: +55 31 3612-4643<br \/>\nEmail:\u00a0claudiabsampaio@ufv.br<\/p>\n<p><strong>Publica\u00e7\u00f5es Recentes:<\/strong><\/p>\n<div class=\"artigo-completo\">\n<div class=\"layout-cell layout-cell-1 text-align-right\">\n<div class=\"layout-cell-pad-5 text-align-right\"><b>1. <\/b><\/div>\n<\/div>\n<div class=\"layout-cell layout-cell-11\">\n<div class=\"layout-cell-pad-5\">\n<p>CARENAGTO, J. P. ; <b>SAMPAIO, CL\u00c1UDIA BATISTA<\/b> ; Detmann, Edenio ; FONSECA, F. ; BENEDETI, P. B. . Caracteriza\u00e7\u00e3o dos confinamentos de bovinos de corte na regi\u00e3o do meio oeste catarinense. REVISTA ELETR\u00d4NICA NUTRITIME, v. 14, p. 6076, 2017.<\/p>\n<div class=\"citado\"><\/div>\n<\/div>\n<\/div>\n<\/div>\n<div class=\"artigo-completo\">\n<div class=\"layout-cell layout-cell-1 text-align-right\">\n<div class=\"layout-cell-pad-5 text-align-right\"><b>2. <\/b><\/div>\n<\/div>\n<div class=\"layout-cell layout-cell-11\">\n<div class=\"layout-cell-pad-5\">\n<p>Valente, Tiago Neves Pereira ; DETMANN, Edenio ; <b>SAMPAIO, CL\u00c1UDIA BATISTA<\/b> . Review: Recent avances in evaluation of bags made from different textiles used in situ ruminal degradation. Canadian Journal of Animal Science, p. 150810114448007, 2015.<\/p>\n<div class=\"citado\"><\/div>\n<\/div>\n<\/div>\n<\/div>\n<div class=\"artigo-completo\">\n<div class=\"layout-cell layout-cell-1 text-align-right\">\n<div class=\"layout-cell-pad-5 text-align-right\"><b>3. <\/b><\/div>\n<\/div>\n<div class=\"layout-cell layout-cell-11\">\n<div class=\"layout-cell-pad-5\">\n<p><b>SAMPAIO, CL\u00c1UDIA BATISTA<\/b>; GOMES, D. I. ; REGADAS FILHO, J. G. L. ; DETMANN, Edenio ; Valadares Filho, Sebasti\u00e3o de Campos . Variations among animals when estimating the undegradable fraction of fiber in forage samples.. Semina. Ci\u00eancias Agr\u00e1rias (Impresso), v. 35, p. 2739-2748, 2014.<\/p>\n<div class=\"citado\"><\/div>\n<\/div>\n<\/div>\n<\/div>\n<div class=\"artigo-completo\">\n<div class=\"layout-cell layout-cell-1 text-align-right\">\n<div class=\"layout-cell-pad-5 text-align-right\"><b>4. <\/b><\/div>\n<\/div>\n<div class=\"layout-cell layout-cell-11\">\n<div class=\"layout-cell-pad-5\">\n<p>ALMEIDA, V. V. S. ; Silva, Rob\u00e9rio Rodrigues ; VISINTIN, A. C. O. ; QUEIROZ, Augusto C\u00e9sar de ; SILVA, FABIANO FERREIRA DA ; <b>SAMPAIO, CL\u00c1UDIA BATISTA<\/b> ; LISBOA, M. M. ; MENDES, F. B. L. ; LINS, T. O. J. D. . Ingestive behavior of grazing heifers receiving crude glycerin supplementation during the dry rainy season transition. Chilean Journal of Agricultural Research (On line), v. 74, p. 286-292, 2014.<\/p>\n<div class=\"citado\"><\/div>\n<\/div>\n<\/div>\n<\/div>\n<div class=\"artigo-completo\">\n<div class=\"layout-cell layout-cell-1 text-align-right\">\n<div class=\"layout-cell-pad-5 text-align-right\"><b>5. <\/b><\/div>\n<\/div>\n<div class=\"layout-cell layout-cell-11\">\n<div class=\"layout-cell-pad-5\">\n<p>Facuri, L.M.A.M. ; Silva, Rob\u00e9rio Rodrigues ; SILVA, F. F. ; CARVALHO, GLEIDSON GIORDANO PINTO DE ; <b>SAMPAIO, CL\u00c1UDIA BATISTA<\/b> ; MENDES, F. B. L. ; LISBOA, M. M. ; BARROSO, D. S. ; CARVALHO, V. M. ; PEREIRA, M. M. S. . Ingestive Behavior of Heifers Supplemented with Glycerin in Substitution of Corn on Brachiaria brizantha Pasture. Asian-Australasian Journal of Animal Sciences (Print), v. 27, p. 1584-1594, 2014.<\/p>\n<div class=\"citado\"><\/div>\n<\/div>\n<\/div>\n<\/div>\n<div class=\"artigo-completo\">\n<div class=\"layout-cell layout-cell-1 text-align-right\">\n<div class=\"layout-cell-pad-5 text-align-right\"><b>6. <\/b><\/div>\n<\/div>\n<div class=\"layout-cell layout-cell-11\">\n<div class=\"layout-cell-pad-5\">\n<p>GOMES, D. I. ; <b>SAMPAIO, Cl\u00e1udia Batista<\/b> ; DETMANN, E. ; VALADARES FILHO, S. C. ; MEZZOMO, R. ; REGADAS FILHO, J. G. L. . Utiliza\u00e7\u00e3o de enzimas industriais na avalia\u00e7\u00e3o da fibra insol\u00favel em detergente neutro em amostras com alto teor de amido. Semina. Ci\u00eancias Agr\u00e1rias (Online), v. 35, p. 2629, 2014.<\/p>\n<div class=\"citado\"><\/div>\n<\/div>\n<\/div>\n<\/div>\n<div class=\"artigo-completo\">\n<div class=\"layout-cell layout-cell-1 text-align-right\">\n<div class=\"layout-cell-pad-5 text-align-right\"><b>7. <\/b><\/div>\n<\/div>\n<div class=\"layout-cell layout-cell-11\">\n<div class=\"layout-cell-pad-5\">\n<p>SOUZA, N. K. P. ; Detmann, Edenio ; PINA, D. S. ; VALADARES FILHO, Sebasti\u00e3o de Campos ; <b>SAMPAIO, Cl\u00e1udia Batista<\/b> ; QUEIROZ, Augusto C\u00e9sar de ; VELOSO, C. M. . Evaluation of chromium concentration in cattle feces using different techniques of acid digestion and spectrophotometric quantification.. Arquivo Brasileiro de Medicina Veterin\u00e1ria e Zootecnia, v. 65, p. 1472-1482, 2013.<\/p>\n<div class=\"citado\"><\/div>\n<\/div>\n<\/div>\n<\/div>\n<div class=\"artigo-completo\">\n<div class=\"layout-cell layout-cell-1 text-align-right\">\n<div class=\"layout-cell-pad-5 text-align-right\"><b>8. <\/b><\/div>\n<\/div>\n<div class=\"layout-cell layout-cell-11\">\n<div class=\"layout-cell-pad-5\">\n<p>COSTA, L\u00cdVIA SANTOS ; Silva, Rob\u00e9rio Rodrigues ; SILVA, FABIANO FERREIRA DA ; CARVALHO, GLEIDSON GIORDANO PINTO DE ; SIMIONATO, JULLIANA IZABELLE ; MARQUES, JAIR DE ARA\u00daJO ; SILVA, VIN\u00cdCIUS LOPES DA ; <b>SAMPAIO, CL\u00c1UDIA BATISTA<\/b> . Centesimal composition and fatty acids of meat from lambs fed diets containing soybean hulls. Revista Brasileira de Zootecnia (Online), v. 41, p. 1720-1726, 2012.<\/p>\n<div class=\"citado\"><\/div>\n<\/div>\n<\/div>\n<\/div>\n<div class=\"artigo-completo\">\n<div class=\"layout-cell layout-cell-1 text-align-right\">\n<div class=\"layout-cell-pad-5 text-align-right\"><b>9. <\/b><\/div>\n<\/div>\n<div class=\"layout-cell layout-cell-11\">\n<div class=\"layout-cell-pad-5\">\n<p>SOARES, C. P. ; MARTINS, B. T. T. ; SILVA, A. ; CARVALHO, G. D. ; <b>SAMPAIO, Cl\u00e1udia Batista<\/b> . Atendimento ambulatorial de quati-de-cauda-anelada (Nasua nasua) Relato de cas. Pubvet (Londrina), v. 6, p. 1400, 2012.<\/p>\n<div class=\"citado\"><\/div>\n<\/div>\n<\/div>\n<\/div>\n<div class=\"artigo-completo\">\n<div class=\"layout-cell layout-cell-1 text-align-right\">\n<div class=\"layout-cell-pad-5 text-align-right\"><b>10. <\/b><\/div>\n<\/div>\n<div class=\"layout-cell layout-cell-11\">\n<div class=\"layout-cell-pad-5\"><b>SAMPAIO, Cl\u00e1udia Batista<\/b>; DETMANN, Edenio ; VALADARES FILHO, S. C. ; Valadares Filho, Sebasti\u00e3o de Campos ; QUEIROZ, Augusto C\u00e9sar de ; Valente, Tiago Neves Pereira ; SILVA, ROB\u00c9RIO RODRIGUES ; SOUZA, Marjorrie Augusto de ; COSTA, Viviane Aparecida Carli . Evaluation of models for prediction of the energy value of diets for growing cattle from the chemical composition of feeds. Revista Brasileira de Zootecnia (Online), v. 41, p. 2110-2123, 2012.<\/div>\n<\/div>\n<\/div>\n<\/div><\/section><\/p><\/div>\n","protected":false},"excerpt":{"rendered":"","protected":false},"author":1,"featured_media":0,"parent":0,"menu_order":0,"comment_status":"closed","ping_status":"closed","template":"","meta":[],"_links":{"self":[{"href":"http:\/\/www.dzo.ufv.br\/index.php\/wp-json\/wp\/v2\/pages\/390"}],"collection":[{"href":"http:\/\/www.dzo.ufv.br\/index.php\/wp-json\/wp\/v2\/pages"}],"about":[{"href":"http:\/\/www.dzo.ufv.br\/index.php\/wp-json\/wp\/v2\/types\/page"}],"author":[{"embeddable":true,"href":"http:\/\/www.dzo.ufv.br\/index.php\/wp-json\/wp\/v2\/users\/1"}],"replies":[{"embeddable":true,"href":"http:\/\/www.dzo.ufv.br\/index.php\/wp-json\/wp\/v2\/comments?post=390"}],"version-history":[{"count":13,"href":"http:\/\/www.dzo.ufv.br\/index.php\/wp-json\/wp\/v2\/pages\/390\/revisions"}],"predecessor-version":[{"id":8460,"href":"http:\/\/www.dzo.ufv.br\/index.php\/wp-json\/wp\/v2\/pages\/390\/revisions\/8460"}],"wp:attachment":[{"href":"http:\/\/www.dzo.ufv.br\/index.php\/wp-json\/wp\/v2\/media?parent=390"}],"curies":[{"name":"wp","href":"https:\/\/api.w.org\/{rel}","templated":true}]}}