{"id":384,"date":"2017-04-12T11:29:25","date_gmt":"2017-04-12T14:29:25","guid":{"rendered":"http:\/\/www.dzo.ufv.br\/sitenovo\/?page_id=384"},"modified":"2022-07-26T09:31:41","modified_gmt":"2022-07-26T12:31:41","slug":"gabriel-cipriano-rocha","status":"publish","type":"page","link":"http:\/\/www.dzo.ufv.br\/index.php\/gabriel-cipriano-rocha\/","title":{"rendered":"Gabriel Cipriano Rocha"},"content":{"rendered":"<div class=\"flex_column av_one_fifth  flex_column_div av-zero-column-padding first  \" style='border-radius:0px; '><div class='avia-image-container  av-styling-   avia-align-center '  itemscope=\"itemscope\" itemtype=\"https:\/\/schema.org\/ImageObject\"  ><div class='avia-image-container-inner'><img class='avia_image ' src='http:\/\/www.dzo.ufv.br\/wp-content\/uploads\/2017\/03\/Gabriel.jpg' alt='' title='Gabriel'   itemprop=\"thumbnailUrl\"  \/><\/div><\/div><\/div>\n<div class=\"flex_column av_three_fourth  flex_column_div av-zero-column-padding   \" style='border-radius:0px; '><p><div style='padding-bottom:10px;' class='av-special-heading av-special-heading-h3    '><h3 class='av-special-heading-tag'  itemprop=\"headline\"  >Gabriel Cipriano Rocha<\/h3><div class='special-heading-border'><div class='special-heading-inner-border' ><\/div><\/div><\/div><br \/>\n<section class=\"av_textblock_section\"  itemscope=\"itemscope\" itemtype=\"https:\/\/schema.org\/CreativeWork\" ><div class='avia_textblock '  style='font-size:17px; '  itemprop=\"text\" ><p>Prof. Adjunto<\/p>\n<p><strong>Forma\u00e7\u00e3o Acad\u00eamica:<br \/>\n<\/strong>DSc. em \u00a0Nutri\u00e7\u00e3o de n\u00e3o ruminantes, UFV\/University of Illinois Urbana &#8211; Champaign \u00a0(2012)<br \/>\nMSc. em Nutri\u00e7\u00e3o de n\u00e3o ruminantes, UFV (2010)<br \/>\nGradua\u00e7\u00e3o em Zootecnia, UFV (2008)<\/p>\n<p><strong>\u00c1reas de atua\u00e7\u00e3o:<\/strong><br \/>\nProdu\u00e7\u00e3o e Nutri\u00e7\u00e3o de N\u00e3o Ruminantes<br \/>\nProcessos e controle de qualidade em f\u00e1brica de ra\u00e7\u00f5es<\/p>\n<p><strong>Publica\u00e7\u00f5es: <\/strong><a href=\"http:\/\/lattes.cnpq.br\/3824232094666890\">Lattes<\/a><\/p>\n<p><strong>Laborat\u00f3rio:<\/strong><br \/>\n&gt;&gt;Granja de su\u00ednos<br \/>\n<a href=\"http:\/\/www.dzo.ufv.br\/index.php\/laboratorio-granja-de-melhoramento-de-aves\/\">&gt;&gt;Granja de aves<\/a><br \/>\n&gt;&gt;F\u00e1brica de ra\u00e7\u00f5es<\/p>\n<p><strong>Disciplinas da gradua\u00e7\u00e3o:<\/strong><br \/>\nZOO 444 &#8211; Nutri\u00e7\u00e3o de c\u00e3es e gatos<br \/>\nZOO 446 &#8211; Processos e controle de qualidade em f\u00e1brica de ra\u00e7\u00f5es<br \/>\nZOO 473 &#8211; Etologia aplicada \u00e0 zootecnia<\/p>\n<p><strong>Disciplinas da P\u00f3s-gradua\u00e7\u00e3o:<\/strong><br \/>\nZOO 795 \u2013 Nutri\u00e7\u00e3o de leit\u00f5es<\/p>\n<p><strong>Contato:<\/strong><br \/>\nTel: +55 31 3612-4635<br \/>\nEmail:\u00a0gcrocha@ufv.br<\/p>\n<p><strong>Publica\u00e7\u00f5es Recentes:<\/strong><\/p>\n<div class=\"artigo-completo\"><\/div>\n<div class=\"artigo-completo\">\n<div class=\"layout-cell layout-cell-11\">SILVA, ARIADNE MARIA PORTILHO SATURNINO DA ; KIEFER, C. ; NASCIMENTO, KARINA M\u00c1RCIA RIBEIRO DE SOUZA ; CORASSA, ANDERSON ; SARTURI, D\u00c9BORA MINETTI ; ALENCAR, STEPHAN ALEXANDER DA SILVA ; FARIAS, Taynah Vieira Aguiar ; GOMES, MAYKELLY DA SILVA ; ROCHA, <strong>Gabriel Cipriano<\/strong> . <strong>Effects of negative pressure and directed ducted cooling systems on the performance of lactating sows<\/strong>. REVISTA BRASILEIRA DE ZOOTECNIA, v. 51, p. e20200275, 2022.<\/div>\n<div class=\"layout-cell layout-cell-11\">\n<p>GOMES, MAYKELLY DA S ; SARAIVA, ALYSSON ; VALENTE J\u00daNIOR, DANTE T ; DE OLIVEIRA, LEANDRO L ; CORREIA, AMANDA M ; SER\u00c3O, NICOLA V L ; ROCHA, <strong>GABRIEL C<\/strong> .<strong> Effect of amino acid blend as alternative to antibiotics for growing pigs<\/strong>. JOURNAL OF ANIMAL SCIENCE, v. 100, p. 1-9, 2022.<\/p>\n<p>SOARES, MARCOS HENRIQUE ; J\u00daNIOR, DANTE TEIXEIRA VALENTE ; DE AMORIM RODRIGUES, GUSTAVO ; J\u00daNIOR, RONALDO LOPES CUNHA ; ROCHA, <strong>Gabriel Cipriano<\/strong> ; BOHRER, BENJAMIM M. ; JU\u00c1REZ, MANUEL ; DE SOUZA DUARTE, MARCIO ; SARAIVA, ALYSSON . <strong>Effects of feeding ractopamine hydrochloride with or without supplemental betaine on live performance, carcass and meat quality traits, and gene expression of finishing pigs<\/strong>. MEAT SCIENCE, v. 191, p. 108851, 2022.<\/p>\n<p>J\u00daNIOR, DANTE TEIXEIRA VALENTE ; RODRIGUES, GUSTAVO DE AMORIM ; SOARES, MARCOS HENRIQUE ; ROCHA, <strong>Gabriel Cipriano<\/strong> ; CAMPOS, PAULO HENRIQUE REIS FURTADO ; SARAIVA, ALYSSON . <strong>Crude protein and lactose effects on performance, intestinal and immune function of piglets fed diets without antimicrobials growth promoters<\/strong>. Livestock Science, v. 250, p. 104566, 2021.<\/p>\n<p>GOMES, MAYKELLY DA SILVA ; VALENTE J\u00daNIOR, DANTE TEIXEIRA ; SILVA, FRANCISCO CARLOS DE OLIVEIRA ; CUNHA J\u00daNIOR, RONALDO LOPES ; RIBEIRO JUNIOR, VALDIR ; SARAIVA, ALYSSON ; ROCHA, <strong>Gabriel Cipriano . Effects of glutamine and glutamate on nursery piglets fed diets with different digestible lysine content<\/strong>. SEMINA. CI\u00caNCIAS AGR\u00c1RIAS (ONLINE), v. 42, p. 3919-3930, 2021.<\/p>\n<p>SANCHES, DANILO DE SOUZA ; GARCIA, ELIS REGINA DE MORAES ; RODRIGUES, GABRIELA PUHL ; KIEFER, CHARLES ; MAR\u00c7AL, DANILO ALVES ; ALENCAR, STEPHAN ALEXANDER DA SILVA ; SILVA, CAMILLA MENDON\u00c7A ; ROCHA, <strong>Gabriel Cipriano . Dietary chromium yeast supplementation length in diets for growing-finishing pigs.<\/strong> REVISTA BRASILEIRA DE ZOOTECNIA-BRAZILIAN JOURNAL OF ANIMAL SCIENCE, v. 50, p. e20210141, 2021.<\/p>\n<p>RODRIGUES, GUSTAVO DE AMORIM ; J\u00daNIOR, DANTE TEIXEIRA VALENTE ; SOARES, MARCOS HENRIQUE ; SILVA, CAROLINE BRITO DA ; FIALHO, FERNANDA ABRANCHES ; BARBOSA, L\u00cdVIA MARIA DOS REIS ; NEVES, MARIANA MACHADO ; ROCHA, <strong>Gabriel Cipriano<\/strong> ; DUARTE, MARCIO DE SOUZA ; SARAIVA, ALYSSON . <strong>L-Arginine Supplementation for Nulliparous Sows during the Last Third of Gestation<\/strong>. ANIMALS, v. 11, p. 3476, 2021.<\/p>\n<p>VALINI, G. A. C. ; DUARTE, M. S. ; RODRIGUES, G. A. ; VERONEZE, R. ; SARAIVA, A. ; HAUSMAN, G. J. ;<strong> ROCHA, GABRIEL C. . Guanidinoacetic acid supplementation on growth performance and molecular mechanisms of lean mass gain in nursery pigs<\/strong>. CIENCIA RURAL, v. 50, p. 1678-4596, 2020.<\/p>\n<p>AZEVEDO, K. S. P. ; CAVALCANTE, D. T. ; CAMPOS, P. H. R. F. ; <strong>Rocha, G.C.<\/strong> ; BORGES, S. O. ; VALE, B. G. ; MIRANDA, J. V. S. ; CALDERANO, A. A. . <strong>EFEITO DE PREBI\u00d3TICO SOBRE O DESEMPENHO E MORFOMETRIA INTESTINAL DE FRANGOS DE CORTE. BRASILIAN JOURNAL OF SUSTAINABLE AGRICULTURE<\/strong>., v. 10, p. 38-44, 2020.<\/p>\n<p>RODRIGUES, GABRIELA PUHL ; KIEFER, C. ; NASCIMENTO, K. M. R. S. ; CORASSA, A. ; GARCIA, E. R. M. ; MARCAL, D. A. ; SILVA, C. M. ; ROCHA, <strong>GABRIEL C. . Combined supplementation of chromium-yeast and selenium-yeast on finishing barrows.<\/strong> CI\u00caNCIA RURAL, v. 50, p. e20190406, 2020.<\/p>\n<p>SOARES, MARCOS H. ; RODRIGUES, GUSTAVO A. ; BARBOSA, L\u00cdVIA M. R. ; VALENTE J\u00daNIOR, DANTE T. ; SANTOS, FELIPE C. ; <strong>ROCHA, GABRIEL C<\/strong>. ; CAMPOS, PAULO H. R. F. ; SARAIVA, ALYSSON .<strong> Effects of crude protein and lactose levels in diets on growth performance, intestinal morphology, and expression of genes related to intestinal integrity and immune system in weaned piglets.<\/strong> ANIMAL SCIENCE JOURNAL, v. 91, p. e13429, 2020.<\/p>\n<\/div>\n<\/div>\n<\/div><\/section><\/p><\/div>\n","protected":false},"excerpt":{"rendered":"","protected":false},"author":1,"featured_media":0,"parent":0,"menu_order":0,"comment_status":"closed","ping_status":"closed","template":"","meta":[],"_links":{"self":[{"href":"http:\/\/www.dzo.ufv.br\/index.php\/wp-json\/wp\/v2\/pages\/384"}],"collection":[{"href":"http:\/\/www.dzo.ufv.br\/index.php\/wp-json\/wp\/v2\/pages"}],"about":[{"href":"http:\/\/www.dzo.ufv.br\/index.php\/wp-json\/wp\/v2\/types\/page"}],"author":[{"embeddable":true,"href":"http:\/\/www.dzo.ufv.br\/index.php\/wp-json\/wp\/v2\/users\/1"}],"replies":[{"embeddable":true,"href":"http:\/\/www.dzo.ufv.br\/index.php\/wp-json\/wp\/v2\/comments?post=384"}],"version-history":[{"count":13,"href":"http:\/\/www.dzo.ufv.br\/index.php\/wp-json\/wp\/v2\/pages\/384\/revisions"}],"predecessor-version":[{"id":8471,"href":"http:\/\/www.dzo.ufv.br\/index.php\/wp-json\/wp\/v2\/pages\/384\/revisions\/8471"}],"wp:attachment":[{"href":"http:\/\/www.dzo.ufv.br\/index.php\/wp-json\/wp\/v2\/media?parent=384"}],"curies":[{"name":"wp","href":"https:\/\/api.w.org\/{rel}","templated":true}]}}