{"id":2646,"date":"2017-06-27T20:43:21","date_gmt":"2017-06-27T23:43:21","guid":{"rendered":"http:\/\/www.dzo.ufv.br\/?page_id=2646"},"modified":"2023-04-14T09:37:31","modified_gmt":"2023-04-14T12:37:31","slug":"laboratory-of-animal-nutrition","status":"publish","type":"page","link":"http:\/\/www.dzo.ufv.br\/index.php\/en\/laboratory-of-animal-nutrition\/","title":{"rendered":"Laboratory of Animal Nutrition"},"content":{"rendered":"<\/div><\/div><\/div><!-- close content main div --><\/div><\/div><div id='full_slider_1' class='avia-fullwidth-slider main_color avia-shadow  container_wrap sidebar_right'   ><div  data-size='no scaling'  data-lightbox_size='large'  data-animation='slide'  data-ids='2647'  data-video_counter='0'  data-autoplay='false'  data-bg_slider='false'  data-slide_height=''  data-handle='av_slideshow_full'  data-interval='5'  data-class=' '  data-css_id=''  data-scroll_down=''  data-control_layout='av-control-default'  data-custom_markup=''  data-perma_caption=''  data-autoplay_stopper=''  data-image_attachment=''  data-min_height='0px'  data-src=''  data-position='top left'  data-repeat='no-repeat'  data-attach='scroll'  data-stretch=''  class='avia-slideshow avia-slideshow-1  av-control-default av-default-height-applied avia-slideshow-no scaling av_slideshow_full   avia-slide-slider '  itemscope=\"itemscope\" itemtype=\"https:\/\/schema.org\/ImageObject\" ><ul class='avia-slideshow-inner' style='padding-bottom: 35.714285714286%;'><li  class=' av-single-slide slide-1 ' ><div data-rel='slideshow-1' class='avia-slide-wrap'  ><img src='http:\/\/www.dzo.ufv.br\/wp-content\/uploads\/2017\/06\/Nutri\u00e7\u00e3o-Animal.jpg' width='1400' height='500' title='Nutri\u00e7\u00e3o-Animal' alt=''  itemprop=\"thumbnailUrl\"   \/><\/div><\/li><\/ul><\/div><\/div>\n<div class=\"flex_column av_one_half  flex_column_div av-zero-column-padding first  \" style='border-radius:0px; '><section class=\"av_textblock_section\"  itemscope=\"itemscope\" itemtype=\"https:\/\/schema.org\/CreativeWork\" ><div class='avia_textblock '  style='font-size:17px; '  itemprop=\"text\" ><p><strong>Laboratory of Animal Nutrition<\/strong><\/p>\n<p><strong>Professor Responsible:<br \/>\n<\/strong>Prof. Edenio Detmann<\/p>\n<p><strong>Research Interests:<\/strong><br \/>\nPhysical, chemical and biological analyzes of feed.<\/p>\n<p><strong>Permanent technical staff:<\/strong><br \/>\nAline Sales Bernardino<br \/>\nBernadete Lopes Rodrigues<br \/>\nFab\u00edola Suelen dos Santos<br \/>\nMarcelo Souza Lima<\/p>\n<p><strong>Contact:<\/strong><br \/>\nPhone: +55 031 3612-4666<\/p>\n<\/div><\/section><\/div><div class=\"flex_column av_one_half  flex_column_div av-zero-column-padding   \" style='border-radius:0px; '><div class='avia-gallery avia-gallery-1 avia_lazyload avia_animate_when_visible '  itemscope=\"itemscope\" itemtype=\"https:\/\/schema.org\/ImageObject\" ><a class='avia-gallery-big fakeLightbox lightbox avia-gallery-big-crop-thumb ' href='http:\/\/www.dzo.ufv.br\/wp-content\/uploads\/2017\/06\/Nutri\u00e7\u00e3o-Animal_01.jpg'  data-onclick='1' title='' ><span class='avia-gallery-big-inner'  itemprop=\"thumbnailUrl\" >\t<img width='495' height='400' src='http:\/\/www.dzo.ufv.br\/wp-content\/uploads\/2017\/06\/Nutri\u00e7\u00e3o-Animal_01-495x400.jpg' title='Nutri\u00e7\u00e3o-Animal_01' alt='' \/><\/span><\/a><div class='avia-gallery-thumb'> <a href='http:\/\/www.dzo.ufv.br\/wp-content\/uploads\/2017\/06\/Nutri\u00e7\u00e3o-Animal_01.jpg' data-rel='gallery-1' data-prev-img='http:\/\/www.dzo.ufv.br\/wp-content\/uploads\/2017\/06\/Nutri\u00e7\u00e3o-Animal_01-495x400.jpg' class='first_thumb lightbox ' data-onclick='1' title=''  itemprop=\"thumbnailUrl\" ><img  src='http:\/\/www.dzo.ufv.br\/wp-content\/uploads\/2017\/06\/Nutri\u00e7\u00e3o-Animal_01-495x400.jpg' width='495' height='400'  title='Nutri\u00e7\u00e3o-Animal_01' alt='' \/><\/a> <a href='http:\/\/www.dzo.ufv.br\/wp-content\/uploads\/2017\/06\/Nutri\u00e7\u00e3o-Animal_02.jpg' data-rel='gallery-1' data-prev-img='http:\/\/www.dzo.ufv.br\/wp-content\/uploads\/2017\/06\/Nutri\u00e7\u00e3o-Animal_02-495x400.jpg' class='lightbox ' data-onclick='2' title=''  itemprop=\"thumbnailUrl\" ><img  src='http:\/\/www.dzo.ufv.br\/wp-content\/uploads\/2017\/06\/Nutri\u00e7\u00e3o-Animal_02-495x400.jpg' width='495' height='400'  title='Nutri\u00e7\u00e3o-Animal_02' alt='' \/><\/a> <a href='http:\/\/www.dzo.ufv.br\/wp-content\/uploads\/2017\/06\/Nutri\u00e7\u00e3o-Animal_03.jpg' data-rel='gallery-1' data-prev-img='http:\/\/www.dzo.ufv.br\/wp-content\/uploads\/2017\/06\/Nutri\u00e7\u00e3o-Animal_03-495x400.jpg' class='lightbox ' data-onclick='3' title=''  itemprop=\"thumbnailUrl\" ><img  src='http:\/\/www.dzo.ufv.br\/wp-content\/uploads\/2017\/06\/Nutri\u00e7\u00e3o-Animal_03-495x400.jpg' width='495' height='400'  title='Nutri\u00e7\u00e3o-Animal_03' alt='' \/><\/a> <a href='http:\/\/www.dzo.ufv.br\/wp-content\/uploads\/2017\/06\/Nutri\u00e7\u00e3o-Animal_04.jpg' data-rel='gallery-1' data-prev-img='http:\/\/www.dzo.ufv.br\/wp-content\/uploads\/2017\/06\/Nutri\u00e7\u00e3o-Animal_04-495x400.jpg' class='lightbox ' data-onclick='4' title=''  itemprop=\"thumbnailUrl\" ><img  src='http:\/\/www.dzo.ufv.br\/wp-content\/uploads\/2017\/06\/Nutri\u00e7\u00e3o-Animal_04-495x400.jpg' width='495' height='400'  title='Nutri\u00e7\u00e3o-Animal_04' alt='' \/><\/a> <a href='http:\/\/www.dzo.ufv.br\/wp-content\/uploads\/2017\/06\/Nutri\u00e7\u00e3o-Animal_05.jpg' data-rel='gallery-1' data-prev-img='http:\/\/www.dzo.ufv.br\/wp-content\/uploads\/2017\/06\/Nutri\u00e7\u00e3o-Animal_05-495x400.jpg' class='lightbox ' data-onclick='5' title=''  itemprop=\"thumbnailUrl\" ><img  src='http:\/\/www.dzo.ufv.br\/wp-content\/uploads\/2017\/06\/Nutri\u00e7\u00e3o-Animal_05-495x400.jpg' width='495' height='400'  title='Nutri\u00e7\u00e3o-Animal_05' alt='' \/><\/a> <a href='http:\/\/www.dzo.ufv.br\/wp-content\/uploads\/2017\/06\/Nutri\u00e7\u00e3o-Animal_06.jpg' data-rel='gallery-1' data-prev-img='http:\/\/www.dzo.ufv.br\/wp-content\/uploads\/2017\/06\/Nutri\u00e7\u00e3o-Animal_06-495x400.jpg' class='first_thumb lightbox ' data-onclick='6' title=''  itemprop=\"thumbnailUrl\" ><img  src='http:\/\/www.dzo.ufv.br\/wp-content\/uploads\/2017\/06\/Nutri\u00e7\u00e3o-Animal_06-495x400.jpg' width='495' height='400'  title='Nutri\u00e7\u00e3o-Animal_06' alt='' \/><\/a> <a href='http:\/\/www.dzo.ufv.br\/wp-content\/uploads\/2017\/06\/Nutri\u00e7\u00e3o-Animal_07.jpg' data-rel='gallery-1' data-prev-img='http:\/\/www.dzo.ufv.br\/wp-content\/uploads\/2017\/06\/Nutri\u00e7\u00e3o-Animal_07-495x400.jpg' class='lightbox ' data-onclick='7' title=''  itemprop=\"thumbnailUrl\" ><img  src='http:\/\/www.dzo.ufv.br\/wp-content\/uploads\/2017\/06\/Nutri\u00e7\u00e3o-Animal_07-495x400.jpg' width='495' height='400'  title='Nutri\u00e7\u00e3o-Animal_07' alt='' \/><\/a><\/div><\/div><\/div><\/p>\n","protected":false},"excerpt":{"rendered":"","protected":false},"author":2,"featured_media":0,"parent":0,"menu_order":0,"comment_status":"closed","ping_status":"closed","template":"","meta":[],"_links":{"self":[{"href":"http:\/\/www.dzo.ufv.br\/index.php\/wp-json\/wp\/v2\/pages\/2646"}],"collection":[{"href":"http:\/\/www.dzo.ufv.br\/index.php\/wp-json\/wp\/v2\/pages"}],"about":[{"href":"http:\/\/www.dzo.ufv.br\/index.php\/wp-json\/wp\/v2\/types\/page"}],"author":[{"embeddable":true,"href":"http:\/\/www.dzo.ufv.br\/index.php\/wp-json\/wp\/v2\/users\/2"}],"replies":[{"embeddable":true,"href":"http:\/\/www.dzo.ufv.br\/index.php\/wp-json\/wp\/v2\/comments?post=2646"}],"version-history":[{"count":5,"href":"http:\/\/www.dzo.ufv.br\/index.php\/wp-json\/wp\/v2\/pages\/2646\/revisions"}],"predecessor-version":[{"id":8376,"href":"http:\/\/www.dzo.ufv.br\/index.php\/wp-json\/wp\/v2\/pages\/2646\/revisions\/8376"}],"wp:attachment":[{"href":"http:\/\/www.dzo.ufv.br\/index.php\/wp-json\/wp\/v2\/media?parent=2646"}],"curies":[{"name":"wp","href":"https:\/\/api.w.org\/{rel}","templated":true}]}}