{"id":2165,"date":"2017-06-26T14:02:54","date_gmt":"2017-06-26T17:02:54","guid":{"rendered":"http:\/\/www.dzo.ufv.br\/?page_id=2165"},"modified":"2017-10-04T15:04:13","modified_gmt":"2017-10-04T18:04:13","slug":"the-departament","status":"publish","type":"page","link":"http:\/\/www.dzo.ufv.br\/index.php\/en\/the-departament\/","title":{"rendered":"The Departament"},"content":{"rendered":"<\/div><\/div><\/div><!-- close content main div --><\/div><\/div><div id='full_slider_1' class='avia-fullwidth-slider main_color avia-shadow  container_wrap sidebar_right'   ><div  data-size='featured'  data-lightbox_size='large'  data-animation='slide'  data-ids='2239,2240,2238,2236,2241,549'  data-video_counter='0'  data-autoplay='false'  data-bg_slider='false'  data-slide_height=''  data-handle='av_slideshow_full'  data-interval='5'  data-class=' '  data-css_id=''  data-scroll_down=''  data-control_layout='av-control-default'  data-custom_markup=''  data-perma_caption=''  data-autoplay_stopper=''  data-image_attachment=''  data-min_height='0px'  data-src=''  data-position='top left'  data-repeat='no-repeat'  data-attach='scroll'  data-stretch=''  data-default-height='28.666666666667'  class='avia-slideshow avia-slideshow-1  av-control-default av-default-height-applied avia-slideshow-featured av_slideshow_full   avia-slide-slider '  itemscope=\"itemscope\" itemtype=\"https:\/\/schema.org\/ImageObject\" ><ul class='avia-slideshow-inner' style='padding-bottom: 30.714285714286%;'><li  class=' slide-1 ' ><div data-rel='slideshow-1' class='avia-slide-wrap'  ><div class = \"caption_fullwidth av-slideshow-caption caption_left caption_left_framed caption_framed\"><div class = \"container caption_container\"><div class = \"slideshow_caption\"><div class = \"slideshow_inner_caption\"><div class = \"slideshow_align_caption\"><h2  class='avia-caption-title'  itemprop=\"name\" >ANIMAL SCIENCE AT UFV<\/h2><div class='avia-caption-content av_inherit_color'  itemprop=\"description\"   style='font-size:16px; '><p>Maximum score on National Grad Course Evaluation (7 out of 7\/CAPES)<\/p>\n<\/div><\/div><\/div><\/div><\/div><\/div><img src='http:\/\/www.dzo.ufv.br\/wp-content\/uploads\/2017\/06\/Abertura-4-2-1400x430.jpg' width='1400' height='430' title='Abertura-4' alt=''  itemprop=\"thumbnailUrl\"   \/><\/div><\/li><li  class=' slide-2 ' ><div data-rel='slideshow-1' class='avia-slide-wrap'  ><img src='http:\/\/www.dzo.ufv.br\/wp-content\/uploads\/2017\/06\/Caprinocultra-1-1400x430.jpg' width='1400' height='430' title='Caprinocultra' alt=''  itemprop=\"thumbnailUrl\"   \/><\/div><\/li><li  class=' slide-3 ' ><div data-rel='slideshow-1' class='avia-slide-wrap'  ><div class = \"caption_fullwidth av-slideshow-caption caption_left caption_left_framed caption_framed\"><div class = \"container caption_container\"><div class = \"slideshow_caption\"><div class = \"slideshow_inner_caption\"><div class = \"slideshow_align_caption\"><h2  style='font-size:20px; ' class='avia-caption-title'  itemprop=\"name\" >2016 BUNGE FOUNDATION AWARD<\/h2><div class='avia-caption-content '  itemprop=\"description\"  ><p>Dr. Sebasti\u00e3o de Campos Valadares Filho<\/p>\n<\/div><\/div><\/div><\/div><\/div><\/div><img src='http:\/\/www.dzo.ufv.br\/wp-content\/uploads\/2017\/06\/Abertura-3-1-1400x430.jpg' width='1400' height='430' title='Abertura-3' alt=''  itemprop=\"thumbnailUrl\"   \/><\/div><\/li><li  class=' slide-4 ' ><div data-rel='slideshow-1' class='avia-slide-wrap'  ><img src='http:\/\/www.dzo.ufv.br\/wp-content\/uploads\/2017\/06\/Abertura-1-1-1400x430.jpg' width='1400' height='430' title='Abertura-1' alt=''  itemprop=\"thumbnailUrl\"   \/><\/div><\/li><li  class=' slide-5 ' ><div data-rel='slideshow-1' class='avia-slide-wrap'  ><img src='http:\/\/www.dzo.ufv.br\/wp-content\/uploads\/2017\/06\/Labnut-1-1400x430.jpg' width='1400' height='430' title='Labnut' alt=''  itemprop=\"thumbnailUrl\"   \/><\/div><\/li><li  class=' slide-6 ' ><div data-rel='slideshow-1' class='avia-slide-wrap'  ><img src='http:\/\/www.dzo.ufv.br\/wp-content\/uploads\/2017\/03\/Abertura-5-1400x430.jpg' width='1400' height='430' title='Abertura-5' alt=''  itemprop=\"thumbnailUrl\"   \/><\/div><\/li><\/ul><div class='avia-slideshow-arrows avia-slideshow-controls'><a href='#prev' class='prev-slide' aria-hidden='true' data-av_icon='\ue87c' data-av_iconfont='entypo-fontello'>Anterior<\/a><a href='#next' class='next-slide' aria-hidden='true' data-av_icon='\ue87d' data-av_iconfont='entypo-fontello'>Pr\u00f3ximo<\/a><\/div><div class='avia-slideshow-dots avia-slideshow-controls'><a href='#1' class='goto-slide active' >1<\/a><a href='#2' class='goto-slide ' >2<\/a><a href='#3' class='goto-slide ' >3<\/a><a href='#4' class='goto-slide ' >4<\/a><a href='#5' class='goto-slide ' >5<\/a><a href='#6' class='goto-slide ' >6<\/a><\/div><\/div><\/div>\n<div class=\"flex_column av_one_full  flex_column_div av-zero-column-padding first  \" style='border-radius:0px; '><p><div style='padding-bottom:10px;' class='av-special-heading av-special-heading-h3    '><h3 class='av-special-heading-tag'  itemprop=\"headline\"  >News<\/h3><div class='special-heading-border'><div class='special-heading-inner-border' ><\/div><\/div><\/div><br \/>\n<div  data-autoplay=''  data-interval='5'  data-animation='fade'  data-show_slide_delay='90'  class='avia-content-slider avia-content-grid-active avia-content-slider1 avia-content-slider-even '  itemscope=\"itemscope\" itemtype=\"https:\/\/schema.org\/Blog\" ><div class='avia-content-slider-inner'><div class='slide-entry-wrap'><article class='slide-entry flex_column  post-entry post-entry-8764 slide-entry-overview slide-loop-1 slide-parity-odd  av_one_half first real-thumbnail'  itemscope=\"itemscope\" itemtype=\"https:\/\/schema.org\/BlogPosting\" itemprop=\"blogPost\" ><a href='http:\/\/www.dzo.ufv.br\/index.php\/en\/2025\/02\/07\/os-docentes-rodrigo-fortes-e-leandro-santos-do-dzo-participaram-do-projeto-entre-a-fundacao-renova-e-a-empresa-nmc-projetos-e-consultoria\/' data-rel='slide-1' class='slide-image' title=''><img width=\"495\" height=\"400\" src=\"http:\/\/www.dzo.ufv.br\/wp-content\/uploads\/2025\/02\/WhatsApp-Image-2025-02-06-at-16.43.17-1-495x400.jpeg\" class=\"attachment-portfolio size-portfolio wp-post-image\" alt=\"\" decoding=\"async\" loading=\"lazy\" srcset=\"http:\/\/www.dzo.ufv.br\/wp-content\/uploads\/2025\/02\/WhatsApp-Image-2025-02-06-at-16.43.17-1-495x400.jpeg 495w, http:\/\/www.dzo.ufv.br\/wp-content\/uploads\/2025\/02\/WhatsApp-Image-2025-02-06-at-16.43.17-1-845x684.jpeg 845w\" sizes=\"(max-width: 495px) 100vw, 495px\" \/><\/a><div class='slide-content'><header class=\"entry-content-header\"><h3 class='slide-entry-title entry-title'  itemprop=\"headline\" ><a href='http:\/\/www.dzo.ufv.br\/index.php\/en\/2025\/02\/07\/os-docentes-rodrigo-fortes-e-leandro-santos-do-dzo-participaram-do-projeto-entre-a-fundacao-renova-e-a-empresa-nmc-projetos-e-consultoria\/' title='Os docentes Rodrigo Fortes e Leandro Santos  do DZO participaram do projeto entre a Funda\u00e7\u00e3o Renova e a empresa NMC Projetos e Consultoria'>Os docentes Rodrigo Fortes e Leandro Santos  do DZO participaram do projeto entre a Funda\u00e7\u00e3o Renova e a empresa NMC Projetos e Consultoria<\/a><\/h3><span class=\"av-vertical-delimiter\"><\/span><\/header><\/div><footer class=\"entry-footer\"><\/footer><span class='hidden'>\n\t\t\t<span class='av-structured-data'  itemscope=\"itemscope\" itemtype=\"https:\/\/schema.org\/ImageObject\"  itemprop='image'>\n\t\t\t\t\t   <span itemprop='url' >http:\/\/www.dzo.ufv.br\/wp-content\/uploads\/2025\/02\/WhatsApp-Image-2025-02-06-at-16.43.17-1.jpeg<\/span>\n\t\t\t\t\t   <span itemprop='height' >1200<\/span>\n\t\t\t\t\t   <span itemprop='width' >1600<\/span>\n\t\t\t\t  <\/span><span class='av-structured-data'  itemprop=\"publisher\" itemtype=\"https:\/\/schema.org\/Organization\" itemscope=\"itemscope\" >\n\t\t\t\t<span itemprop='name'>10219<\/span>\n\t\t\t\t<span itemprop='logo' itemscope itemtype='http:\/\/schema.org\/ImageObject'>\n\t\t\t\t   <span itemprop='url'>http:\/\/www.dzo.ufv.br\/wp-content\/uploads\/2023\/04\/Sem-T\u00edtulo-1.png<\/span>\n\t\t\t\t <\/span>\n\t\t\t  <\/span><span class='av-structured-data'  itemprop=\"author\" itemscope=\"itemscope\" itemtype=\"https:\/\/schema.org\/Person\" ><span itemprop='name'>10219<\/span><\/span><span class='av-structured-data'  itemprop=\"datePublished\" datetime=\"2017-10-02T14:50:23-03:00\" >2025-02-07 14:30:02<\/span><span class='av-structured-data'  itemprop=\"dateModified\" itemtype=\"https:\/\/schema.org\/dateModified\" >2025-02-07 14:30:04<\/span><span class='av-structured-data'  itemprop=\"mainEntityOfPage\" itemtype=\"https:\/\/schema.org\/mainEntityOfPage\" ><span itemprop='name'>Os docentes Rodrigo Fortes e Leandro Santos  do DZO participaram do projeto entre a Funda\u00e7\u00e3o Renova e a empresa NMC Projetos e Consultoria<\/span><\/span><\/span><\/article><article class='slide-entry flex_column  post-entry post-entry-8758 slide-entry-overview slide-loop-2 slide-parity-even  av_one_half  real-thumbnail'  itemscope=\"itemscope\" itemtype=\"https:\/\/schema.org\/BlogPosting\" itemprop=\"blogPost\" ><a href='http:\/\/www.dzo.ufv.br\/index.php\/en\/2024\/10\/24\/ufv-se-destaca-novamente-entre-universidades-brasileiras-e-tem-26-cursos-avaliados-com-cinco-estrelas\/' data-rel='slide-1' class='slide-image' title=''><img width=\"495\" height=\"400\" src=\"http:\/\/www.dzo.ufv.br\/wp-content\/uploads\/2024\/10\/ruf-495x400.png\" class=\"attachment-portfolio size-portfolio wp-post-image\" alt=\"\" decoding=\"async\" loading=\"lazy\" srcset=\"http:\/\/www.dzo.ufv.br\/wp-content\/uploads\/2024\/10\/ruf-495x400.png 495w, http:\/\/www.dzo.ufv.br\/wp-content\/uploads\/2024\/10\/ruf-845x684.png 845w\" sizes=\"(max-width: 495px) 100vw, 495px\" \/><\/a><div class='slide-content'><header class=\"entry-content-header\"><h3 class='slide-entry-title entry-title'  itemprop=\"headline\" ><a href='http:\/\/www.dzo.ufv.br\/index.php\/en\/2024\/10\/24\/ufv-se-destaca-novamente-entre-universidades-brasileiras-e-tem-26-cursos-avaliados-com-cinco-estrelas\/' title='Curso de gradua\u00e7\u00e3o em Zootecnia da UFV destacado como o melhor do Brasil'>Curso de gradua\u00e7\u00e3o em Zootecnia da UFV destacado como o melhor do Brasil<\/a><\/h3><span class=\"av-vertical-delimiter\"><\/span><\/header><\/div><footer class=\"entry-footer\"><\/footer><span class='hidden'>\n\t\t\t<span class='av-structured-data'  itemscope=\"itemscope\" itemtype=\"https:\/\/schema.org\/ImageObject\"  itemprop='image'>\n\t\t\t\t\t   <span itemprop='url' >http:\/\/www.dzo.ufv.br\/wp-content\/uploads\/2024\/10\/ruf.png<\/span>\n\t\t\t\t\t   <span itemprop='height' >699<\/span>\n\t\t\t\t\t   <span itemprop='width' >932<\/span>\n\t\t\t\t  <\/span><span class='av-structured-data'  itemprop=\"publisher\" itemtype=\"https:\/\/schema.org\/Organization\" itemscope=\"itemscope\" >\n\t\t\t\t<span itemprop='name'>10219<\/span>\n\t\t\t\t<span itemprop='logo' itemscope itemtype='http:\/\/schema.org\/ImageObject'>\n\t\t\t\t   <span itemprop='url'>http:\/\/www.dzo.ufv.br\/wp-content\/uploads\/2023\/04\/Sem-T\u00edtulo-1.png<\/span>\n\t\t\t\t <\/span>\n\t\t\t  <\/span><span class='av-structured-data'  itemprop=\"author\" itemscope=\"itemscope\" itemtype=\"https:\/\/schema.org\/Person\" ><span itemprop='name'>10219<\/span><\/span><span class='av-structured-data'  itemprop=\"datePublished\" datetime=\"2017-10-02T14:50:23-03:00\" >2024-10-24 14:26:15<\/span><span class='av-structured-data'  itemprop=\"dateModified\" itemtype=\"https:\/\/schema.org\/dateModified\" >2024-10-24 14:30:15<\/span><span class='av-structured-data'  itemprop=\"mainEntityOfPage\" itemtype=\"https:\/\/schema.org\/mainEntityOfPage\" ><span itemprop='name'>Curso de gradua\u00e7\u00e3o em Zootecnia da UFV destacado como o melhor do Brasil<\/span><\/span><\/span><\/article><\/div><div class='slide-entry-wrap'><article class='slide-entry flex_column  post-entry post-entry-8754 slide-entry-overview slide-loop-3 slide-parity-odd  av_one_half first real-thumbnail'  itemscope=\"itemscope\" itemtype=\"https:\/\/schema.org\/BlogPosting\" itemprop=\"blogPost\" ><a href='http:\/\/www.dzo.ufv.br\/index.php\/en\/2024\/10\/07\/premio-vidal-pedroso-de-faria\/' data-rel='slide-1' class='slide-image' title=''><img width=\"495\" height=\"400\" src=\"http:\/\/www.dzo.ufv.br\/wp-content\/uploads\/2024\/10\/461973822_1192053478554120_6788158908905548671_n-495x400.jpg\" class=\"attachment-portfolio size-portfolio wp-post-image\" alt=\"\" decoding=\"async\" loading=\"lazy\" srcset=\"http:\/\/www.dzo.ufv.br\/wp-content\/uploads\/2024\/10\/461973822_1192053478554120_6788158908905548671_n-495x400.jpg 495w, http:\/\/www.dzo.ufv.br\/wp-content\/uploads\/2024\/10\/461973822_1192053478554120_6788158908905548671_n-845x684.jpg 845w\" sizes=\"(max-width: 495px) 100vw, 495px\" \/><\/a><div class='slide-content'><header class=\"entry-content-header\"><h3 class='slide-entry-title entry-title'  itemprop=\"headline\" ><a href='http:\/\/www.dzo.ufv.br\/index.php\/en\/2024\/10\/07\/premio-vidal-pedroso-de-faria\/' title='Pr\u00eamio Vidal Pedroso de Faria'>Pr\u00eamio Vidal Pedroso de Faria<\/a><\/h3><span class=\"av-vertical-delimiter\"><\/span><\/header><\/div><footer class=\"entry-footer\"><\/footer><span class='hidden'>\n\t\t\t<span class='av-structured-data'  itemscope=\"itemscope\" itemtype=\"https:\/\/schema.org\/ImageObject\"  itemprop='image'>\n\t\t\t\t\t   <span itemprop='url' >http:\/\/www.dzo.ufv.br\/wp-content\/uploads\/2024\/10\/461973822_1192053478554120_6788158908905548671_n.jpg<\/span>\n\t\t\t\t\t   <span itemprop='height' >1080<\/span>\n\t\t\t\t\t   <span itemprop='width' >1080<\/span>\n\t\t\t\t  <\/span><span class='av-structured-data'  itemprop=\"publisher\" itemtype=\"https:\/\/schema.org\/Organization\" itemscope=\"itemscope\" >\n\t\t\t\t<span itemprop='name'>10219<\/span>\n\t\t\t\t<span itemprop='logo' itemscope itemtype='http:\/\/schema.org\/ImageObject'>\n\t\t\t\t   <span itemprop='url'>http:\/\/www.dzo.ufv.br\/wp-content\/uploads\/2023\/04\/Sem-T\u00edtulo-1.png<\/span>\n\t\t\t\t <\/span>\n\t\t\t  <\/span><span class='av-structured-data'  itemprop=\"author\" itemscope=\"itemscope\" itemtype=\"https:\/\/schema.org\/Person\" ><span itemprop='name'>10219<\/span><\/span><span class='av-structured-data'  itemprop=\"datePublished\" datetime=\"2017-10-02T14:50:23-03:00\" >2024-10-07 16:18:15<\/span><span class='av-structured-data'  itemprop=\"dateModified\" itemtype=\"https:\/\/schema.org\/dateModified\" >2024-10-07 16:18:17<\/span><span class='av-structured-data'  itemprop=\"mainEntityOfPage\" itemtype=\"https:\/\/schema.org\/mainEntityOfPage\" ><span itemprop='name'>Pr\u00eamio Vidal Pedroso de Faria<\/span><\/span><\/span><\/article><article class='slide-entry flex_column  post-entry post-entry-4132 slide-entry-overview slide-loop-4 slide-parity-even  av_one_half  real-thumbnail'  itemscope=\"itemscope\" itemtype=\"https:\/\/schema.org\/BlogPosting\" itemprop=\"blogPost\" ><a href='http:\/\/www.dzo.ufv.br\/index.php\/en\/2018\/03\/08\/4132\/' data-rel='slide-1' class='slide-image' title=''><img width=\"495\" height=\"400\" src=\"http:\/\/www.dzo.ufv.br\/wp-content\/uploads\/2018\/03\/gabriel-formula\u00e7\u00e3o1-495x400.jpg\" class=\"attachment-portfolio size-portfolio wp-post-image\" alt=\"\" decoding=\"async\" loading=\"lazy\" \/><\/a><div class='slide-content'><header class=\"entry-content-header\"><h3 class='slide-entry-title entry-title'  itemprop=\"headline\" ><a href='http:\/\/www.dzo.ufv.br\/index.php\/en\/2018\/03\/08\/4132\/' title='Professor Gabriel Rocha launches book &quot;Formulation of Rations for Pigs&quot; in partnership with UFS'>Professor Gabriel Rocha launches book \"Formulation of Rations for Pigs\" in partnership with UFS<\/a><\/h3><span class=\"av-vertical-delimiter\"><\/span><\/header><\/div><footer class=\"entry-footer\"><\/footer><span class='hidden'>\n\t\t\t<span class='av-structured-data'  itemscope=\"itemscope\" itemtype=\"https:\/\/schema.org\/ImageObject\"  itemprop='image'>\n\t\t\t\t\t   <span itemprop='url' >http:\/\/www.dzo.ufv.br\/wp-content\/uploads\/2018\/03\/gabriel-formula\u00e7\u00e3o1.jpg<\/span>\n\t\t\t\t\t   <span itemprop='height' >467<\/span>\n\t\t\t\t\t   <span itemprop='width' >609<\/span>\n\t\t\t\t  <\/span><span class='av-structured-data'  itemprop=\"publisher\" itemtype=\"https:\/\/schema.org\/Organization\" itemscope=\"itemscope\" >\n\t\t\t\t<span itemprop='name'>10219<\/span>\n\t\t\t\t<span itemprop='logo' itemscope itemtype='http:\/\/schema.org\/ImageObject'>\n\t\t\t\t   <span itemprop='url'>http:\/\/www.dzo.ufv.br\/wp-content\/uploads\/2023\/04\/Sem-T\u00edtulo-1.png<\/span>\n\t\t\t\t <\/span>\n\t\t\t  <\/span><span class='av-structured-data'  itemprop=\"author\" itemscope=\"itemscope\" itemtype=\"https:\/\/schema.org\/Person\" ><span itemprop='name'>10219<\/span><\/span><span class='av-structured-data'  itemprop=\"datePublished\" datetime=\"2017-10-02T14:50:23-03:00\" >2018-03-08 11:36:30<\/span><span class='av-structured-data'  itemprop=\"dateModified\" itemtype=\"https:\/\/schema.org\/dateModified\" >2018-03-08 11:42:06<\/span><span class='av-structured-data'  itemprop=\"mainEntityOfPage\" itemtype=\"https:\/\/schema.org\/mainEntityOfPage\" ><span itemprop='name'>Professor Gabriel Rocha launches book \"Formulation of Rations for Pigs\" in partnership with UFS<\/span><\/span><\/span><\/article><\/div><div class='slide-entry-wrap'><article class='slide-entry flex_column  post-entry post-entry-4128 slide-entry-overview slide-loop-5 slide-parity-odd  av_one_half first real-thumbnail'  itemscope=\"itemscope\" itemtype=\"https:\/\/schema.org\/BlogPosting\" itemprop=\"blogPost\" ><a href='http:\/\/www.dzo.ufv.br\/index.php\/en\/2018\/03\/08\/professor-marcos-marcondes-obtains-recognition-from-the-jds-members-author-loyalty-rewards-program-as-one-of-the-key-authors-for-the-journal-of-dairy-science\/' data-rel='slide-1' class='slide-image' title=''><img width=\"482\" height=\"400\" src=\"http:\/\/www.dzo.ufv.br\/wp-content\/uploads\/2018\/03\/adsa-marcos-rec-482x400.jpg\" class=\"attachment-portfolio size-portfolio wp-post-image\" alt=\"\" decoding=\"async\" loading=\"lazy\" \/><\/a><div class='slide-content'><header class=\"entry-content-header\"><h3 class='slide-entry-title entry-title'  itemprop=\"headline\" ><a href='http:\/\/www.dzo.ufv.br\/index.php\/en\/2018\/03\/08\/professor-marcos-marcondes-obtains-recognition-from-the-jds-members-author-loyalty-rewards-program-as-one-of-the-key-authors-for-the-journal-of-dairy-science\/' title='Professor Marcos Marcondes obtains recognition from the JDS Members-Author Loyalty Rewards Program as one of the key authors for the Journal of Dairy Science'>Professor Marcos Marcondes obtains recognition from the JDS Members-Author Loyalty Rewards Program as one of the key authors for the Journal of Dairy Science<\/a><\/h3><span class=\"av-vertical-delimiter\"><\/span><\/header><\/div><footer class=\"entry-footer\"><\/footer><span class='hidden'>\n\t\t\t<span class='av-structured-data'  itemscope=\"itemscope\" itemtype=\"https:\/\/schema.org\/ImageObject\"  itemprop='image'>\n\t\t\t\t\t   <span itemprop='url' >http:\/\/www.dzo.ufv.br\/wp-content\/uploads\/2018\/03\/adsa-marcos-rec.jpg<\/span>\n\t\t\t\t\t   <span itemprop='height' >762<\/span>\n\t\t\t\t\t   <span itemprop='width' >482<\/span>\n\t\t\t\t  <\/span><span class='av-structured-data'  itemprop=\"publisher\" itemtype=\"https:\/\/schema.org\/Organization\" itemscope=\"itemscope\" >\n\t\t\t\t<span itemprop='name'>10219<\/span>\n\t\t\t\t<span itemprop='logo' itemscope itemtype='http:\/\/schema.org\/ImageObject'>\n\t\t\t\t   <span itemprop='url'>http:\/\/www.dzo.ufv.br\/wp-content\/uploads\/2023\/04\/Sem-T\u00edtulo-1.png<\/span>\n\t\t\t\t <\/span>\n\t\t\t  <\/span><span class='av-structured-data'  itemprop=\"author\" itemscope=\"itemscope\" itemtype=\"https:\/\/schema.org\/Person\" ><span itemprop='name'>10219<\/span><\/span><span class='av-structured-data'  itemprop=\"datePublished\" datetime=\"2017-10-02T14:50:23-03:00\" >2018-03-08 11:33:16<\/span><span class='av-structured-data'  itemprop=\"dateModified\" itemtype=\"https:\/\/schema.org\/dateModified\" >2018-04-06 18:00:14<\/span><span class='av-structured-data'  itemprop=\"mainEntityOfPage\" itemtype=\"https:\/\/schema.org\/mainEntityOfPage\" ><span itemprop='name'>Professor Marcos Marcondes obtains recognition from the JDS Members-Author Loyalty Rewards Program as one of the key authors for the Journal of Dairy Science<\/span><\/span><\/span><\/article><article class='slide-entry flex_column  post-entry post-entry-3312 slide-entry-overview slide-loop-6 slide-parity-even  post-entry-last  av_one_half  real-thumbnail'  itemscope=\"itemscope\" itemtype=\"https:\/\/schema.org\/BlogPosting\" itemprop=\"blogPost\" ><a href='http:\/\/www.dzo.ufv.br\/index.php\/en\/2017\/10\/02\/ideas-for-milk-2017-technology-for-milk-production\/' data-rel='slide-1' class='slide-image' title=''><img width=\"495\" height=\"400\" src=\"http:\/\/www.dzo.ufv.br\/wp-content\/uploads\/2017\/09\/IFM_Flyer-1-495x400.png\" class=\"attachment-portfolio size-portfolio wp-post-image\" alt=\"\" decoding=\"async\" loading=\"lazy\" srcset=\"http:\/\/www.dzo.ufv.br\/wp-content\/uploads\/2017\/09\/IFM_Flyer-1-495x400.png 495w, http:\/\/www.dzo.ufv.br\/wp-content\/uploads\/2017\/09\/IFM_Flyer-1-845x684.png 845w\" sizes=\"(max-width: 495px) 100vw, 495px\" \/><\/a><div class='slide-content'><header class=\"entry-content-header\"><h3 class='slide-entry-title entry-title'  itemprop=\"headline\" ><a href='http:\/\/www.dzo.ufv.br\/index.php\/en\/2017\/10\/02\/ideas-for-milk-2017-technology-for-milk-production\/' title='IDEAS FOR MILK 2017 - Technology for milk production'>IDEAS FOR MILK 2017 - Technology for milk production<\/a><\/h3><span class=\"av-vertical-delimiter\"><\/span><\/header><\/div><footer class=\"entry-footer\"><\/footer><span class='hidden'>\n\t\t\t<span class='av-structured-data'  itemscope=\"itemscope\" itemtype=\"https:\/\/schema.org\/ImageObject\"  itemprop='image'>\n\t\t\t\t\t   <span itemprop='url' >http:\/\/www.dzo.ufv.br\/wp-content\/uploads\/2017\/09\/IFM_Flyer-1.png<\/span>\n\t\t\t\t\t   <span itemprop='height' >2776<\/span>\n\t\t\t\t\t   <span itemprop='width' >2480<\/span>\n\t\t\t\t  <\/span><span class='av-structured-data'  itemprop=\"publisher\" itemtype=\"https:\/\/schema.org\/Organization\" itemscope=\"itemscope\" >\n\t\t\t\t<span itemprop='name'>10219<\/span>\n\t\t\t\t<span itemprop='logo' itemscope itemtype='http:\/\/schema.org\/ImageObject'>\n\t\t\t\t   <span itemprop='url'>http:\/\/www.dzo.ufv.br\/wp-content\/uploads\/2023\/04\/Sem-T\u00edtulo-1.png<\/span>\n\t\t\t\t <\/span>\n\t\t\t  <\/span><span class='av-structured-data'  itemprop=\"author\" itemscope=\"itemscope\" itemtype=\"https:\/\/schema.org\/Person\" ><span itemprop='name'>10219<\/span><\/span><span class='av-structured-data'  itemprop=\"datePublished\" datetime=\"2017-10-02T14:50:23-03:00\" >2017-10-02 14:50:23<\/span><span class='av-structured-data'  itemprop=\"dateModified\" itemtype=\"https:\/\/schema.org\/dateModified\" >2017-10-02 14:52:38<\/span><span class='av-structured-data'  itemprop=\"mainEntityOfPage\" itemtype=\"https:\/\/schema.org\/mainEntityOfPage\" ><span itemprop='name'>IDEAS FOR MILK 2017 - Technology for milk production<\/span><\/span><\/span><\/article><\/div><\/div><div class='pagination-wrap pagination-slider'><nav class='pagination'><span class='pagination-meta'>P\u00e1gina 1 de 3<\/span><span class='current'>1<\/span><a href='http:\/\/www.dzo.ufv.br\/index.php\/wp-json\/wp\/v2\/pages\/2165\/page\/2\/' class='inactive' >2<\/a><a href='http:\/\/www.dzo.ufv.br\/index.php\/wp-json\/wp\/v2\/pages\/2165\/page\/3\/' class='inactive' >3<\/a><\/nav>\n<\/div><\/div><\/p><\/div>\n","protected":false},"excerpt":{"rendered":"","protected":false},"author":2,"featured_media":0,"parent":0,"menu_order":0,"comment_status":"closed","ping_status":"closed","template":"","meta":[],"_links":{"self":[{"href":"http:\/\/www.dzo.ufv.br\/index.php\/wp-json\/wp\/v2\/pages\/2165"}],"collection":[{"href":"http:\/\/www.dzo.ufv.br\/index.php\/wp-json\/wp\/v2\/pages"}],"about":[{"href":"http:\/\/www.dzo.ufv.br\/index.php\/wp-json\/wp\/v2\/types\/page"}],"author":[{"embeddable":true,"href":"http:\/\/www.dzo.ufv.br\/index.php\/wp-json\/wp\/v2\/users\/2"}],"replies":[{"embeddable":true,"href":"http:\/\/www.dzo.ufv.br\/index.php\/wp-json\/wp\/v2\/comments?post=2165"}],"version-history":[{"count":10,"href":"http:\/\/www.dzo.ufv.br\/index.php\/wp-json\/wp\/v2\/pages\/2165\/revisions"}],"predecessor-version":[{"id":7687,"href":"http:\/\/www.dzo.ufv.br\/index.php\/wp-json\/wp\/v2\/pages\/2165\/revisions\/7687"}],"wp:attachment":[{"href":"http:\/\/www.dzo.ufv.br\/index.php\/wp-json\/wp\/v2\/media?parent=2165"}],"curies":[{"name":"wp","href":"https:\/\/api.w.org\/{rel}","templated":true}]}}